{"id":1648,"date":"2024-08-23T17:02:54","date_gmt":"2024-08-23T15:02:54","guid":{"rendered":"https:\/\/www.madnaughty.cz\/?post_type=product&#038;p=1648"},"modified":"2024-08-23T17:04:14","modified_gmt":"2024-08-23T15:04:14","slug":"sklenicka-hanbate-dusicky","status":"publish","type":"product","link":"http:\/\/www.madnaughty.cz\/?product=sklenicka-hanbate-dusicky","title":{"rendered":"Skleni\u010dka \u2013 Hanbat\u00e9 du\u0161i\u010dky"},"content":{"rendered":"<p>Tato roztomil\u00e1 skleni\u010dka s motivem mal\u00fdch duch\u016f je perfektn\u00ed pro v\u0161echny milovn\u00edky stra\u0161ideln\u00fdch, ale z\u00e1rove\u0148 roztomil\u00fdch design\u016f. S objemem 473 ml a elegantn\u00edm tvarem plechovky je ide\u00e1ln\u00ed pro podzimn\u00ed n\u00e1poje nebo kdykoli b\u011bhem roku, kdy\u017e chcete udr\u017eet stra\u0161idelnou n\u00e1ladu. Skleni\u010dka je ur\u010dena na studen\u00e9 n\u00e1poje a jej\u00ed design v\u00e1s rozvesel\u00ed ka\u017ed\u00fdm dou\u0161kem.<\/p>\n<p>Skleni\u010dka na studen\u00e9 n\u00e1poje BEER CAN s ru\u010dn\u011b lepen\u00fdm motivem.<br \/>\nObjem \u2013 473 ml<\/p>\n<p><strong>Skleni\u010dka nen\u00ed vhodn\u00e1 na hork\u00e9 n\u00e1poje ani do my\u010dky \u010di mikrovlnky.<br \/>\nMyt\u00ed pouze v ruce, neodmo\u010dujte.\u00a0<\/strong><\/p>\n","protected":false},"excerpt":{"rendered":"<p>Skleni\u010dka na studen\u00e9 n\u00e1poje BEER CAN s ru\u010dn\u011b lepen\u00fdm motivem.<\/p>\n","protected":false},"featured_media":1650,"comment_status":"open","ping_status":"closed","template":"","meta":[],"product_cat":[73],"product_tag":[102,109],"class_list":{"0":"post-1648","1":"product","2":"type-product","3":"status-publish","4":"has-post-thumbnail","6":"product_cat-sklenicky","7":"product_tag-halloween","8":"product_tag-sarkasticke","10":"first","11":"instock","12":"shipping-taxable","13":"purchasable","14":"product-type-simple"},"_links":{"self":[{"href":"http:\/\/www.madnaughty.cz\/index.php?rest_route=\/wp\/v2\/product\/1648"}],"collection":[{"href":"http:\/\/www.madnaughty.cz\/index.php?rest_route=\/wp\/v2\/product"}],"about":[{"href":"http:\/\/www.madnaughty.cz\/index.php?rest_route=\/wp\/v2\/types\/product"}],"replies":[{"embeddable":true,"href":"http:\/\/www.madnaughty.cz\/index.php?rest_route=%2Fwp%2Fv2%2Fcomments&post=1648"}],"wp:featuredmedia":[{"embeddable":true,"href":"http:\/\/www.madnaughty.cz\/index.php?rest_route=\/wp\/v2\/media\/1650"}],"wp:attachment":[{"href":"http:\/\/www.madnaughty.cz\/index.php?rest_route=%2Fwp%2Fv2%2Fmedia&parent=1648"}],"wp:term":[{"taxonomy":"product_cat","embeddable":true,"href":"http:\/\/www.madnaughty.cz\/index.php?rest_route=%2Fwp%2Fv2%2Fproduct_cat&post=1648"},{"taxonomy":"product_tag","embeddable":true,"href":"http:\/\/www.madnaughty.cz\/index.php?rest_route=%2Fwp%2Fv2%2Fproduct_tag&post=1648"}],"curies":[{"name":"wp","href":"https:\/\/api.w.org\/{rel}","templated":true}]}}