{"id":1724,"date":"2024-08-30T09:23:37","date_gmt":"2024-08-30T07:23:37","guid":{"rendered":"https:\/\/www.madnaughty.cz\/?post_type=product&#038;p=1724"},"modified":"2024-08-30T09:32:59","modified_gmt":"2024-08-30T07:32:59","slug":"samolepka-vinylova-no-baby-on-board-cerna","status":"publish","type":"product","link":"http:\/\/www.madnaughty.cz\/?product=samolepka-vinylova-no-baby-on-board-cerna","title":{"rendered":"Samolepka vinylov\u00e1 \u2013 NO BABY ON BOARD \u2013 \u010cern\u00e1"},"content":{"rendered":"<p>Odli\u0161te se na silnici s touto vtipnou a stylovou samolepkou! \ud83d\ude97\u2728<\/p>\n<p>Samolepka o velikosti 20 x 22 cm s n\u00e1pisem &#8222;No Babies on Board&#8220; je ide\u00e1ln\u00ed pro ka\u017ed\u00e9ho, kdo chce sv\u00e9mu autu dodat \u0161mrnc a trochu humoru. A pokud pot\u0159ebujete jinou velikost nebo barvu, \u017e\u00e1dn\u00fd probl\u00e9m \u2013 m\u016f\u017eeme ji vyrobit p\u0159esn\u011b podle va\u0161ich p\u0159edstav.<\/p>\n<p><strong>Specifikace:<\/strong><\/p>\n<ul>\n<li>Standardn\u00ed velikost 20 x 22 cm<\/li>\n<li>Mo\u017enost objedn\u00e1n\u00ed men\u0161\u00ed \u010di v\u011bt\u0161\u00ed varianty<\/li>\n<li>\u0160irok\u00fd v\u00fdb\u011br barev z na\u0161eho katalogu<\/li>\n<\/ul>\n<p><strong>Pou\u017eit\u00ed:<\/strong> Tato samolepka je vhodn\u00e1 pro dekoraci jak vnit\u0159n\u00edch, tak venkovn\u00edch hladk\u00fdch povrch\u016f, v\u010detn\u011b automobil\u016f, n\u00e1bytku, oken a v\u00fdloh. Lze ji aplikovat na jak\u00e9koliv hladk\u00e9 povrchy.<\/p>\n<p><strong>Trvanlivost:<\/strong> St\u0159edn\u011bdob\u00e1 f\u00f3lie s trvanlivost\u00ed 2-5 let, ide\u00e1ln\u00ed pro dlouhodob\u00e9 pou\u017eit\u00ed a odoln\u00e1 v\u016f\u010di pov\u011btrnostn\u00edm vliv\u016fm.<\/p>\n<p><strong>Design:<\/strong> Samolepka nem\u00e1 \u017e\u00e1dn\u00e9 pozad\u00ed, tak\u017ee barva obr\u00e1zku by m\u011bla kontrastovat s barvou povrchu, na kter\u00fd ji lep\u00edte. Nap\u0159\u00edklad na \u010dern\u00e9 auto doporu\u010dujeme b\u00edlou samolepku, na b\u00edl\u00e9 auto \u010dernou samolepku.<\/p>\n<p><strong>Pozn\u00e1mka:<\/strong> Pokud si p\u0159ejete samolepku v jin\u00e9 barv\u011b, p\u0159ipi\u0161te n\u00e1m to do pozn\u00e1mky k objedn\u00e1vce. Vyr\u00e1b\u00edme samolepky na m\u00edru podle va\u0161ich p\u0159\u00e1n\u00ed.<\/p>\n<p>&nbsp;<\/p>\n","protected":false},"excerpt":{"rendered":"<p>Odli\u0161te se na silnici s touto vtipnou a stylovou samolepkou! \ud83d\ude97\u2728 Samolepka o velikosti 20 x 22 cm s n\u00e1pisem &#8222;No Babies on Board&#8220; je ide\u00e1ln\u00ed<span class=\"excerpt-hellip\"> [\u2026]<\/span><\/p>\n","protected":false},"featured_media":1725,"comment_status":"open","ping_status":"closed","template":"","meta":[],"product_cat":[78],"product_tag":[108,109],"class_list":{"0":"post-1724","1":"product","2":"type-product","3":"status-publish","4":"has-post-thumbnail","6":"product_cat-samolepky-venkovni","7":"product_tag-hanbate","8":"product_tag-sarkasticke","10":"first","11":"instock","12":"shipping-taxable","13":"purchasable","14":"product-type-simple"},"_links":{"self":[{"href":"http:\/\/www.madnaughty.cz\/index.php?rest_route=\/wp\/v2\/product\/1724"}],"collection":[{"href":"http:\/\/www.madnaughty.cz\/index.php?rest_route=\/wp\/v2\/product"}],"about":[{"href":"http:\/\/www.madnaughty.cz\/index.php?rest_route=\/wp\/v2\/types\/product"}],"replies":[{"embeddable":true,"href":"http:\/\/www.madnaughty.cz\/index.php?rest_route=%2Fwp%2Fv2%2Fcomments&post=1724"}],"wp:featuredmedia":[{"embeddable":true,"href":"http:\/\/www.madnaughty.cz\/index.php?rest_route=\/wp\/v2\/media\/1725"}],"wp:attachment":[{"href":"http:\/\/www.madnaughty.cz\/index.php?rest_route=%2Fwp%2Fv2%2Fmedia&parent=1724"}],"wp:term":[{"taxonomy":"product_cat","embeddable":true,"href":"http:\/\/www.madnaughty.cz\/index.php?rest_route=%2Fwp%2Fv2%2Fproduct_cat&post=1724"},{"taxonomy":"product_tag","embeddable":true,"href":"http:\/\/www.madnaughty.cz\/index.php?rest_route=%2Fwp%2Fv2%2Fproduct_tag&post=1724"}],"curies":[{"name":"wp","href":"https:\/\/api.w.org\/{rel}","templated":true}]}}