{"id":1730,"date":"2024-08-30T09:38:11","date_gmt":"2024-08-30T07:38:11","guid":{"rendered":"https:\/\/www.madnaughty.cz\/?post_type=product&#038;p=1730"},"modified":"2024-12-15T10:56:58","modified_gmt":"2024-12-15T09:56:58","slug":"samolepka-vinylova-my-driving-scares-me-too-cerna","status":"publish","type":"product","link":"http:\/\/www.madnaughty.cz\/?product=samolepka-vinylova-my-driving-scares-me-too-cerna","title":{"rendered":"Samolepka vinylov\u00e1 \u2013 My driving scares me too \u2013 B\u00edl\u00e1"},"content":{"rendered":"<p>Samolepka o velikosti 16 x 8 cm s n\u00e1pisem &#8222;My driving scares me too&#8220; v b\u00edl\u00e9 barv\u011b je ide\u00e1ln\u00edm dopl\u0148kem pro ka\u017ed\u00e9ho, kdo m\u00e1 smysl pro humor a chce se pobavit i ostatn\u00ed \u0159idi\u010de. Skv\u011bl\u00e1 volba, pokud chcete sv\u00e9 auto ozvl\u00e1\u0161tnit a rozesm\u00e1t kolemjdouc\u00ed i ostatn\u00ed \u00fa\u010dastn\u00edky silni\u010dn\u00edho provozu.<\/p>\n<p><strong>Specifikace:<\/strong><\/p>\n<ul>\n<li><strong>Standardn\u00ed velikost:<\/strong> 16 x 8 cm<\/li>\n<li><strong>Barva:<\/strong> B\u00edl\u00e1<\/li>\n<li><strong>Mo\u017enost objedn\u00e1n\u00ed:<\/strong> v jin\u00fdch barv\u00e1ch \u010di velikostech dle va\u0161eho p\u0159\u00e1n\u00ed<\/li>\n<\/ul>\n<p><strong>Pou\u017eit\u00ed:<\/strong> Tato samolepka je vhodn\u00e1 pro dekoraci jak vnit\u0159n\u00edch, tak venkovn\u00edch hladk\u00fdch povrch\u016f, v\u010detn\u011b automobil\u016f, n\u00e1bytku, oken a v\u00fdloh. Lze ji aplikovat na jak\u00e9koliv hladk\u00e9 povrchy.<\/p>\n<p><strong>Trvanlivost:<\/strong> St\u0159edn\u011bdob\u00e1 f\u00f3lie s trvanlivost\u00ed 2-5 let, odoln\u00e1 v\u016f\u010di pov\u011btrnostn\u00edm vliv\u016fm a ide\u00e1ln\u00ed pro dlouhodob\u00e9 pou\u017eit\u00ed.<\/p>\n<p><strong>Design:<\/strong> Samolepka nem\u00e1 \u017e\u00e1dn\u00e9 pozad\u00ed, tak\u017ee barva obr\u00e1zku by m\u011bla kontrastovat s barvou povrchu, na kter\u00fd ji lep\u00edte. B\u00edl\u00e1 barva je ide\u00e1ln\u00ed pro tmav\u0161\u00ed povrchy, kde vytvo\u0159\u00ed v\u00fdrazn\u00fd kontrast.<\/p>\n<p><strong>Pozn\u00e1mka:<\/strong> Pokud si p\u0159ejete samolepku v jin\u00e9 barv\u011b nebo velikosti, p\u0159ipi\u0161te n\u00e1m to do pozn\u00e1mky k objedn\u00e1vce. R\u00e1di v\u00e1m vyrob\u00edme samolepku na m\u00edru.<\/p>\n<div class=\"flex max-w-full flex-col flex-grow\">\n<div class=\"min-h-[20px] text-message flex w-full flex-col items-end gap-2 break-words [.text-message+&amp;]:mt-5 overflow-x-auto whitespace-normal\" dir=\"auto\" data-message-author-role=\"assistant\" data-message-id=\"42114bbe-595a-4480-8bfe-af53166be94d\">\n<div class=\"flex w-full flex-col gap-1 empty:hidden first:pt-[3px]\">\n<div class=\"markdown prose w-full break-words dark:prose-invert dark\">\n<p>P\u0159idej tuhle vtipnou samolepku do ko\u0161\u00edku a dej najevo, \u017ee se um\u00ed\u0161 zasm\u00e1t i sv\u00e9 vlastn\u00ed j\u00edzd\u011b!<\/p>\n<\/div>\n<\/div>\n<\/div>\n<\/div>\n<div class=\"mt-1 flex gap-3 empty:hidden -ml-2\">\n<div class=\"items-center justify-start rounded-xl p-1 flex\">\n<div class=\"flex items-center\">\n<div class=\"flex items-center pb-0\">\n<div class=\"[&amp;_svg]:h-full [&amp;_svg]:w-full icon-md h-4 w-4\"><\/div>\n<\/div>\n<\/div>\n<\/div>\n<\/div>\n","protected":false},"excerpt":{"rendered":"<p>Odli\u0161te se na silnici s touto vtipnou a stylovou samolepkou! \ud83d\ude97\u2728<\/p>\n<p>&nbsp;<\/p>\n","protected":false},"featured_media":1731,"comment_status":"open","ping_status":"closed","template":"","meta":[],"product_cat":[78],"product_tag":[109],"class_list":{"0":"post-1730","1":"product","2":"type-product","3":"status-publish","4":"has-post-thumbnail","6":"product_cat-samolepky-venkovni","7":"product_tag-sarkasticke","9":"first","10":"instock","11":"shipping-taxable","12":"purchasable","13":"product-type-simple"},"_links":{"self":[{"href":"http:\/\/www.madnaughty.cz\/index.php?rest_route=\/wp\/v2\/product\/1730"}],"collection":[{"href":"http:\/\/www.madnaughty.cz\/index.php?rest_route=\/wp\/v2\/product"}],"about":[{"href":"http:\/\/www.madnaughty.cz\/index.php?rest_route=\/wp\/v2\/types\/product"}],"replies":[{"embeddable":true,"href":"http:\/\/www.madnaughty.cz\/index.php?rest_route=%2Fwp%2Fv2%2Fcomments&post=1730"}],"wp:featuredmedia":[{"embeddable":true,"href":"http:\/\/www.madnaughty.cz\/index.php?rest_route=\/wp\/v2\/media\/1731"}],"wp:attachment":[{"href":"http:\/\/www.madnaughty.cz\/index.php?rest_route=%2Fwp%2Fv2%2Fmedia&parent=1730"}],"wp:term":[{"taxonomy":"product_cat","embeddable":true,"href":"http:\/\/www.madnaughty.cz\/index.php?rest_route=%2Fwp%2Fv2%2Fproduct_cat&post=1730"},{"taxonomy":"product_tag","embeddable":true,"href":"http:\/\/www.madnaughty.cz\/index.php?rest_route=%2Fwp%2Fv2%2Fproduct_tag&post=1730"}],"curies":[{"name":"wp","href":"https:\/\/api.w.org\/{rel}","templated":true}]}}