{"id":1785,"date":"2024-09-19T10:37:39","date_gmt":"2024-09-19T08:37:39","guid":{"rendered":"https:\/\/www.madnaughty.cz\/?post_type=product&#038;p=1785"},"modified":"2024-09-29T04:33:12","modified_gmt":"2024-09-29T02:33:12","slug":"tricko-s-vlastnim-motivem-detske","status":"publish","type":"product","link":"http:\/\/www.madnaughty.cz\/?product=tricko-s-vlastnim-motivem-detske","title":{"rendered":"Tri\u010dko s vlastn\u00edm motivem d\u011btsk\u00e9"},"content":{"rendered":"<div class=\"woocommerce-product-details__short-description\">\n<p>Nechte sv\u00e9 d\u00edt\u011b zaz\u00e1\u0159it v origin\u00e1ln\u00edm tri\u010dku s vlastn\u00edm motivem! Navrhn\u011bte tri\u010dko, kter\u00e9 bude p\u0159esn\u011b odpov\u00eddat jeho stylu nebo se sla\u010fte se sv\u00fdm d\u00edtkem a po\u0159i\u010fte mu stejn\u00e9 tri\u010dko, jak\u00e9 nos\u00edte vy. A\u0165 u\u017e jde o obl\u00edbenou postavu, speci\u00e1ln\u00ed text nebo grafiku, tri\u010dko vyrob\u00edme na m\u00edru podle va\u0161ich p\u0159edstav.<\/p>\n<p>Na v\u00fdb\u011br je \u0161irok\u00e1 \u0161k\u00e1la barev \u2013 modr\u00e1, \u010derven\u00e1, \u010dern\u00e1, b\u00edl\u00e1, r\u016f\u017eov\u00e1, zelen\u00e1 a fialov\u00e1.<\/p>\n<p>Jednodu\u0161e n\u00e1m za\u0161lete sv\u016fj n\u00e1vrh ve form\u00e1tu SVG nebo PNG na email <a rel=\"noopener\">obchod@madnaughty.cz<\/a> a barvu potisku p\u0159ipi\u0161te do pozn\u00e1mky k objedn\u00e1vce.<\/p>\n<p>Vytvo\u0159te jedine\u010dn\u00e9 tri\u010dko, kter\u00e9 bude va\u0161e d\u00edt\u011b milovat \u2013 origin\u00e1ln\u00ed, kreativn\u00ed a p\u0159esn\u011b podle va\u0161eho vkusu!<\/p>\n<p><strong>Materi\u00e1l:<\/strong> 100% bavlna pro pohodl\u00ed a trvanlivost. Ide\u00e1ln\u00ed pro ka\u017edodenn\u00ed no\u0161en\u00ed, speci\u00e1ln\u00ed p\u0159\u00edle\u017eitosti nebo jako jedine\u010dn\u00fd d\u00e1rek.<\/p>\n<p><strong>Design:<\/strong> Tri\u010dka jsou dostupn\u00e1 ve velikostech pro d\u011bti od 4 do 12 let (velikosti 4, 6, 8, 10, 12 let). R\u00e1di v\u00e1m pom\u016f\u017eeme s n\u00e1vrhem grafiky, a\u0165 u\u017e jde o text, obr\u00e1zky nebo kombinaci oboj\u00edho.<\/p>\n<p><strong>Detaily:<\/strong><\/p>\n<ul>\n<li>Barva: K dispozici v \u0161irok\u00e9m spektru barev podle va\u0161eho v\u00fdb\u011bru.<\/li>\n<li>Materi\u00e1l: 100% bavlna<\/li>\n<li>Typ: Unisex<\/li>\n<li>Velikosti: 4, 6, 8, 10, 12 let<\/li>\n<li>Mo\u017enost vlastn\u00edho designu<\/li>\n<\/ul>\n<p><strong>Grafika: <\/strong>Vyb\u00edrat m\u016f\u017eete<a href=\"https:\/\/www.madnaughty.cz\/?page_id=680\"> z t\u011bchto na\u017eehlovac\u00edch f\u00f3li\u00ed<\/a>, abyste dos\u00e1hli dokonal\u00e9ho vzhledu va\u0161eho tri\u010dka. N\u00e1\u0161 t\u00fdm je p\u0159ipraven v\u00e1m pomoci s n\u00e1vrhem a zajistit, aby va\u0161e grafika vypadala p\u0159esn\u011b tak, jak si p\u0159ejete.<\/p>\n<p><strong>P\u00e9\u010de:<\/strong> Pran\u00ed na n\u00edzk\u00e9 teplot\u011b a \u017eehlit naruby pro zaji\u0161t\u011bn\u00ed dlouh\u00e9 \u017eivotnosti tri\u010dka a zachov\u00e1n\u00ed kvality potisku.<\/p>\n<p><strong>Vytvo\u0159te si tri\u010dko, kter\u00e9 bude p\u0159esn\u011b odr\u00e1\u017eet osobnost Va\u0161eho d\u00edtka. Kontaktujte n\u00e1s a za\u010dn\u011bte s n\u00e1vrhem je\u0161t\u011b dnes!<\/strong><\/p>\n<\/div>\n","protected":false},"excerpt":{"rendered":"<p>Nechte sv\u00e9 d\u00edt\u011b zaz\u00e1\u0159it v origin\u00e1ln\u00edm tri\u010dku s vlastn\u00edm motivem! Navrhn\u011bte tri\u010dko, kter\u00e9 bude p\u0159esn\u011b odpov\u00eddat jeho stylu nebo se sla\u010fte se sv\u00fdm d\u00edtkem a po\u0159i\u010fte mu stejn\u00e9 tri\u010dko, jak\u00e9 nos\u00edte vy.<\/p>\n","protected":false},"featured_media":1794,"comment_status":"open","ping_status":"closed","template":"","meta":[],"product_cat":[76,83],"product_tag":[],"class_list":{"0":"post-1785","1":"product","2":"type-product","3":"status-publish","4":"has-post-thumbnail","6":"product_cat-tricka","7":"product_cat-vlastni","9":"first","10":"onbackorder","11":"shipping-taxable","12":"purchasable","13":"product-type-variable"},"_links":{"self":[{"href":"http:\/\/www.madnaughty.cz\/index.php?rest_route=\/wp\/v2\/product\/1785"}],"collection":[{"href":"http:\/\/www.madnaughty.cz\/index.php?rest_route=\/wp\/v2\/product"}],"about":[{"href":"http:\/\/www.madnaughty.cz\/index.php?rest_route=\/wp\/v2\/types\/product"}],"replies":[{"embeddable":true,"href":"http:\/\/www.madnaughty.cz\/index.php?rest_route=%2Fwp%2Fv2%2Fcomments&post=1785"}],"wp:featuredmedia":[{"embeddable":true,"href":"http:\/\/www.madnaughty.cz\/index.php?rest_route=\/wp\/v2\/media\/1794"}],"wp:attachment":[{"href":"http:\/\/www.madnaughty.cz\/index.php?rest_route=%2Fwp%2Fv2%2Fmedia&parent=1785"}],"wp:term":[{"taxonomy":"product_cat","embeddable":true,"href":"http:\/\/www.madnaughty.cz\/index.php?rest_route=%2Fwp%2Fv2%2Fproduct_cat&post=1785"},{"taxonomy":"product_tag","embeddable":true,"href":"http:\/\/www.madnaughty.cz\/index.php?rest_route=%2Fwp%2Fv2%2Fproduct_tag&post=1785"}],"curies":[{"name":"wp","href":"https:\/\/api.w.org\/{rel}","templated":true}]}}