{"id":1820,"date":"2024-09-24T21:04:16","date_gmt":"2024-09-24T19:04:16","guid":{"rendered":"https:\/\/www.madnaughty.cz\/?post_type=product&#038;p=1820"},"modified":"2024-10-20T10:00:27","modified_gmt":"2024-10-20T08:00:27","slug":"zalozka-just-one-more-page-fialova","status":"publish","type":"product","link":"http:\/\/www.madnaughty.cz\/?product=zalozka-just-one-more-page-fialova","title":{"rendered":"Z\u00e1lo\u017eka &#8211; Good Girls &#8211; fialov\u00e1"},"content":{"rendered":"<p>O\u017eivte sv\u00e9 \u010dten\u00ed s t\u011bmito stylov\u00fdmi akrylov\u00fdmi z\u00e1lo\u017ekami do knihy s vtipn\u00fdm n\u00e1pisem <strong>\u201eGood Girls Read Dirty Books\u201c.<\/strong> Tento origin\u00e1ln\u00ed design p\u0159id\u00e1 do ka\u017ed\u00e9 knihy trochu humoru a uk\u00e1\u017ee, \u017ee dobr\u00e9 d\u00edvky maj\u00ed r\u00e1dy nejen p\u0159\u00edb\u011bhy, ale i trochu vzru\u0161en\u00ed.<\/p>\n<p><strong>Specifikace:<\/strong><\/p>\n<ul>\n<li><strong>Velikost:<\/strong> 12 x 3,2 cm \u2013 ide\u00e1ln\u00ed pro v\u0161echny velikosti knih a snadno se vejde mezi str\u00e1nky.<\/li>\n<li><strong>Materi\u00e1l:<\/strong> Vysoce kvalitn\u00ed akryl pro odolnost a dlouhou \u017eivotnost.<\/li>\n<li><strong>Potisk:<\/strong> Vinylov\u00fd polep s vtipn\u00fdm a provokativn\u00edm motivem, kter\u00fd je odoln\u00fd proti ot\u011bru a vyblednut\u00ed.<\/li>\n<\/ul>\n<p><strong>Design:<\/strong> Elegantn\u00ed a praktick\u00e1 z\u00e1lo\u017eka, kter\u00e1 je ide\u00e1ln\u00ed pro ka\u017ed\u00e9ho milovn\u00edka knih. Motiv \u201eGood Girls Read Dirty Books\u201c p\u0159id\u00e1v\u00e1 osobit\u00fd a hrav\u00fd prvek, kter\u00fd pot\u011b\u0161\u00ed ka\u017ed\u00e9ho, kdo si r\u00e1d u\u017e\u00edv\u00e1 \u010dten\u00ed s n\u00e1dechem rebelie.<\/p>\n<p><strong>P\u00e9\u010de:<\/strong> Snadno se udr\u017euje \u2013 sta\u010d\u00ed ot\u0159\u00edt vlhk\u00fdm had\u0159\u00edkem. Pro zachov\u00e1n\u00ed vzhledu polepu se vyhn\u011bte pou\u017e\u00edv\u00e1n\u00ed agresivn\u00edch \u010distic\u00edch prost\u0159edk\u016f.<\/p>\n<p>Tato z\u00e1lo\u017eka je skv\u011bl\u00fdm d\u00e1rkem pro v\u0161echny, kte\u0159\u00ed ocen\u00ed kombinaci liter\u00e1rn\u00ed v\u00e1\u0161nivosti a \u0161petky humoru. Ud\u011blejte z ka\u017ed\u00e9ho \u010dten\u00ed z\u00e1\u017eitek s touto jedine\u010dnou z\u00e1lo\u017ekou!<\/p>\n","protected":false},"excerpt":{"rendered":"<p>O\u017eivte sv\u00e9 \u010dten\u00ed s t\u011bmito stylov\u00fdmi akrylov\u00fdmi z\u00e1lo\u017ekami do knihy s vtipn\u00fdm n\u00e1pisem \u201eGood Girls Read Dirty Books\u201c. Tento origin\u00e1ln\u00ed design p\u0159id\u00e1 do ka\u017ed\u00e9 knihy trochu<span class=\"excerpt-hellip\"> [\u2026]<\/span><\/p>\n","protected":false},"featured_media":1821,"comment_status":"open","ping_status":"closed","template":"","meta":[],"product_cat":[81],"product_tag":[116,103],"class_list":{"0":"post-1820","1":"product","2":"type-product","3":"status-publish","4":"has-post-thumbnail","6":"product_cat-zalozky","7":"product_tag-knihomolove","8":"product_tag-z-lasky","10":"first","11":"instock","12":"shipping-taxable","13":"purchasable","14":"product-type-simple"},"_links":{"self":[{"href":"http:\/\/www.madnaughty.cz\/index.php?rest_route=\/wp\/v2\/product\/1820"}],"collection":[{"href":"http:\/\/www.madnaughty.cz\/index.php?rest_route=\/wp\/v2\/product"}],"about":[{"href":"http:\/\/www.madnaughty.cz\/index.php?rest_route=\/wp\/v2\/types\/product"}],"replies":[{"embeddable":true,"href":"http:\/\/www.madnaughty.cz\/index.php?rest_route=%2Fwp%2Fv2%2Fcomments&post=1820"}],"wp:featuredmedia":[{"embeddable":true,"href":"http:\/\/www.madnaughty.cz\/index.php?rest_route=\/wp\/v2\/media\/1821"}],"wp:attachment":[{"href":"http:\/\/www.madnaughty.cz\/index.php?rest_route=%2Fwp%2Fv2%2Fmedia&parent=1820"}],"wp:term":[{"taxonomy":"product_cat","embeddable":true,"href":"http:\/\/www.madnaughty.cz\/index.php?rest_route=%2Fwp%2Fv2%2Fproduct_cat&post=1820"},{"taxonomy":"product_tag","embeddable":true,"href":"http:\/\/www.madnaughty.cz\/index.php?rest_route=%2Fwp%2Fv2%2Fproduct_tag&post=1820"}],"curies":[{"name":"wp","href":"https:\/\/api.w.org\/{rel}","templated":true}]}}