{"id":1849,"date":"2024-10-01T16:10:51","date_gmt":"2024-10-01T14:10:51","guid":{"rendered":"https:\/\/www.madnaughty.cz\/?post_type=product&#038;p=1849"},"modified":"2026-04-03T11:11:59","modified_gmt":"2026-04-03T09:11:59","slug":"samolepky-cerne-kocky","status":"publish","type":"product","link":"http:\/\/www.madnaughty.cz\/?product=samolepky-cerne-kocky","title":{"rendered":"Samolepky &#8211; \u010cern\u00e9 ko\u010dky"},"content":{"rendered":"<p>Perfektn\u00ed dopln\u011bk pro v\u0161echny milovn\u00edky ko\u010dek! Tento set obsahuje 20 rozko\u0161n\u00fdch \u010dern\u00fdch ko\u010di\u010dek v r\u016fzn\u00fdch pozic\u00edch a n\u00e1lad\u00e1ch. Samolepky jsou ide\u00e1ln\u00ed pro o\u017eiven\u00ed va\u0161ich di\u00e1\u0159\u016f, notebook\u016f, telefon\u016f nebo jak\u00fdchkoli jin\u00fdch osobn\u00edch v\u011bc\u00ed. O\u017eivte sv\u016fj prostor t\u011bmito stylov\u00fdmi a roztomil\u00fdmi ko\u010di\u010d\u00edmi designy.<br \/>\nSamolepky jsou vhodn\u00e9 pro interi\u00e9rov\u00e9 pou\u017eit\u00ed a skv\u011ble p\u0159ilnou k v\u011bt\u0161in\u011b hladk\u00fdch povrch\u016f. \ud83c\udf1f<\/p>\n<p>\ud83d\udc49 <strong>Balen\u00ed obsahuje:<\/strong> 20 n\u00e1hodn\u00fdch samolepek<br \/>\n\ud83d\udc49 <strong>Pou\u017eit\u00ed:<\/strong> interi\u00e9r \u2013 notebooky, di\u00e1\u0159e, se\u0161ity a dal\u0161\u00ed<br \/>\n\ud83d\udc49 <strong>Design:<\/strong> roztomil\u00e9 \u010dern\u00e9 ko\u010dky ve v\u0161ech mo\u017en\u00fdch p\u00f3z\u00e1ch<\/p>\n<p>Zanechejte sv\u00e9 v\u011bci osobit\u00e9 a hrav\u00e9 d\u00edky t\u011bmto origin\u00e1ln\u00edm ko\u010di\u010d\u00edm samolepk\u00e1m!<\/p>\n","protected":false},"excerpt":{"rendered":"<p>Tento set obsahuje 20 rozko\u0161n\u00fdch \u010dern\u00fdch ko\u010di\u010dek v r\u016fzn\u00fdch pozic\u00edch a n\u00e1lad\u00e1ch.<\/p>\n","protected":false},"featured_media":1850,"comment_status":"open","ping_status":"closed","template":"","meta":[],"product_cat":[79],"product_tag":[125],"class_list":{"0":"post-1849","1":"product","2":"type-product","3":"status-publish","4":"has-post-thumbnail","6":"product_cat-samolepky-papirove","7":"product_tag-kocky","9":"first","10":"instock","11":"shipping-taxable","12":"purchasable","13":"product-type-simple"},"_links":{"self":[{"href":"http:\/\/www.madnaughty.cz\/index.php?rest_route=\/wp\/v2\/product\/1849"}],"collection":[{"href":"http:\/\/www.madnaughty.cz\/index.php?rest_route=\/wp\/v2\/product"}],"about":[{"href":"http:\/\/www.madnaughty.cz\/index.php?rest_route=\/wp\/v2\/types\/product"}],"replies":[{"embeddable":true,"href":"http:\/\/www.madnaughty.cz\/index.php?rest_route=%2Fwp%2Fv2%2Fcomments&post=1849"}],"wp:featuredmedia":[{"embeddable":true,"href":"http:\/\/www.madnaughty.cz\/index.php?rest_route=\/wp\/v2\/media\/1850"}],"wp:attachment":[{"href":"http:\/\/www.madnaughty.cz\/index.php?rest_route=%2Fwp%2Fv2%2Fmedia&parent=1849"}],"wp:term":[{"taxonomy":"product_cat","embeddable":true,"href":"http:\/\/www.madnaughty.cz\/index.php?rest_route=%2Fwp%2Fv2%2Fproduct_cat&post=1849"},{"taxonomy":"product_tag","embeddable":true,"href":"http:\/\/www.madnaughty.cz\/index.php?rest_route=%2Fwp%2Fv2%2Fproduct_tag&post=1849"}],"curies":[{"name":"wp","href":"https:\/\/api.w.org\/{rel}","templated":true}]}}