{"id":2016,"date":"2024-11-07T09:23:04","date_gmt":"2024-11-07T08:23:04","guid":{"rendered":"https:\/\/www.madnaughty.cz\/?post_type=product&#038;p=2016"},"modified":"2025-10-11T18:35:01","modified_gmt":"2025-10-11T16:35:01","slug":"lapac-slunce-hello-winter","status":"publish","type":"product","link":"http:\/\/www.madnaughty.cz\/?product=lapac-slunce-hello-winter","title":{"rendered":"Lapa\u010d slunce &#8222;Hello Winter&#8220;"},"content":{"rendered":"<p>P\u0159iv\u00edtejte zimn\u00ed obdob\u00ed s t\u00edmto kouzeln\u00fdm lapa\u010dem slunce &#8222;Hello Winter&#8220;, kter\u00fd je ide\u00e1ln\u00ed pro vytvo\u0159en\u00ed v\u00e1no\u010dn\u00ed atmosf\u00e9ry ve va\u0161em domov\u011b. Tento kulat\u00fd lapa\u010d o pr\u016fm\u011bru 15&#215;15 cm je opat\u0159en holografickou samolepkou.<br \/>\nOdr\u00e1\u017e\u00ed slune\u010dn\u00ed paprsky a vytv\u00e1\u0159\u00ed okouzluj\u00edc\u00ed efekty na st\u011bn\u00e1ch \u010di podlaze. Dr\u017e\u00ed staticky, co\u017e znamen\u00e1, \u017ee jej po skon\u010den\u00ed V\u00e1noc jednodu\u0161e sund\u00e1te a ulo\u017e\u00edte na p\u0159\u00ed\u0161t\u00ed rok.<\/p>\n<p><strong>Funkce a vyu\u017eit\u00ed:<\/strong> Lapa\u010d slunce slou\u017e\u00ed k zachycen\u00ed slune\u010dn\u00edch paprsk\u016f a jejich rozpt\u00fdlen\u00ed do prostoru, \u010d\u00edm\u017e vytv\u00e1\u0159\u00ed h\u0159ejivou a klidnou atmosf\u00e9ru. Um\u00edst\u011bte jej do m\u00edstnosti, kde dopad\u00e1 p\u0159\u00edm\u00e9 slune\u010dn\u00ed sv\u011btlo, a nechte jeho efekty rozjasnit v\u00e1\u0161 interi\u00e9r.<\/p>\n","protected":false},"excerpt":{"rendered":"<p>P\u0159iv\u00edtejte zimn\u00ed obdob\u00ed s t\u00edmto kouzeln\u00fdm lapa\u010dem slunce &#8222;Hello Winter&#8220;, kter\u00fd je ide\u00e1ln\u00ed pro vytvo\u0159en\u00ed v\u00e1no\u010dn\u00ed atmosf\u00e9ry ve va\u0161em domov\u011b. Tento kulat\u00fd lapa\u010d o pr\u016fm\u011bru 15&#215;15<span class=\"excerpt-hellip\"> [\u2026]<\/span><\/p>\n","protected":false},"featured_media":2017,"comment_status":"open","ping_status":"closed","template":"","meta":[],"product_cat":[74],"product_tag":[105],"class_list":{"0":"post-2016","1":"product","2":"type-product","3":"status-publish","4":"has-post-thumbnail","6":"product_cat-suncatchers","7":"product_tag-vanoce","9":"first","10":"instock","11":"shipping-taxable","12":"purchasable","13":"product-type-simple"},"_links":{"self":[{"href":"http:\/\/www.madnaughty.cz\/index.php?rest_route=\/wp\/v2\/product\/2016"}],"collection":[{"href":"http:\/\/www.madnaughty.cz\/index.php?rest_route=\/wp\/v2\/product"}],"about":[{"href":"http:\/\/www.madnaughty.cz\/index.php?rest_route=\/wp\/v2\/types\/product"}],"replies":[{"embeddable":true,"href":"http:\/\/www.madnaughty.cz\/index.php?rest_route=%2Fwp%2Fv2%2Fcomments&post=2016"}],"wp:featuredmedia":[{"embeddable":true,"href":"http:\/\/www.madnaughty.cz\/index.php?rest_route=\/wp\/v2\/media\/2017"}],"wp:attachment":[{"href":"http:\/\/www.madnaughty.cz\/index.php?rest_route=%2Fwp%2Fv2%2Fmedia&parent=2016"}],"wp:term":[{"taxonomy":"product_cat","embeddable":true,"href":"http:\/\/www.madnaughty.cz\/index.php?rest_route=%2Fwp%2Fv2%2Fproduct_cat&post=2016"},{"taxonomy":"product_tag","embeddable":true,"href":"http:\/\/www.madnaughty.cz\/index.php?rest_route=%2Fwp%2Fv2%2Fproduct_tag&post=2016"}],"curies":[{"name":"wp","href":"https:\/\/api.w.org\/{rel}","templated":true}]}}