{"id":2023,"date":"2024-11-07T09:30:00","date_gmt":"2024-11-07T08:30:00","guid":{"rendered":"https:\/\/www.madnaughty.cz\/?post_type=product&#038;p=2023"},"modified":"2026-04-04T23:32:24","modified_gmt":"2026-04-04T21:32:24","slug":"lapac-slunce-here-comes-santa-paws","status":"publish","type":"product","link":"http:\/\/www.madnaughty.cz\/?product=lapac-slunce-here-comes-santa-paws","title":{"rendered":"Lapa\u010d slunce &#8222;Here Comes Santa Paws&#8220;"},"content":{"rendered":"<p>P\u0159ipravte se na V\u00e1noce se stylov\u00fdm a roztomil\u00fdm lapa\u010dem slunce &#8222;Here Comes Santa Paws&#8220;! Tento kulat\u00fd lapa\u010d o pr\u016fm\u011bru 15 cm s holografickou samolepkou p\u0159inese do va\u0161eho domova veselou atmosf\u00e9ru pro v\u0161echny milovn\u00edky dom\u00e1c\u00edch mazl\u00ed\u010dk\u016f a v\u00e1no\u010dn\u00edch radov\u00e1nek.<\/p>\n<p><strong>Funkce a vyu\u017eit\u00ed:<\/strong> Lapa\u010d slunce zachyt\u00e1v\u00e1 slune\u010dn\u00ed paprsky a rozptyluje je do m\u00edstnosti, co\u017e vytv\u00e1\u0159\u00ed kouzeln\u00e9 sv\u011bteln\u00e9 efekty, ide\u00e1ln\u00ed pro navozen\u00ed v\u00e1no\u010dn\u00ed pohody. P\u0159ipevn\u011bte ho na okno s p\u0159\u00edm\u00fdm slune\u010dn\u00edm svitem, kde vykouzl\u00ed barevn\u00e9 odlesky. Po V\u00e1noc\u00edch ho snadno sund\u00e1te a schov\u00e1te na p\u0159\u00ed\u0161t\u00ed rok.<\/p>\n","protected":false},"excerpt":{"rendered":"<p>P\u0159ipravte se na V\u00e1noce se stylov\u00fdm a roztomil\u00fdm lapa\u010dem slunce &#8222;Here Comes Santa Paws&#8220;! Tento kulat\u00fd lapa\u010d o pr\u016fm\u011bru 15 cm s holografickou samolepkou p\u0159inese do<span class=\"excerpt-hellip\"> [\u2026]<\/span><\/p>\n","protected":false},"featured_media":2024,"comment_status":"open","ping_status":"closed","template":"","meta":[],"product_cat":[74],"product_tag":[125,107,127,105],"class_list":{"0":"post-2023","1":"product","2":"type-product","3":"status-publish","4":"has-post-thumbnail","6":"product_cat-suncatchers","7":"product_tag-kocky","8":"product_tag-dog","9":"product_tag-psi","10":"product_tag-vanoce","12":"first","13":"instock","14":"shipping-taxable","15":"purchasable","16":"product-type-simple"},"_links":{"self":[{"href":"http:\/\/www.madnaughty.cz\/index.php?rest_route=\/wp\/v2\/product\/2023"}],"collection":[{"href":"http:\/\/www.madnaughty.cz\/index.php?rest_route=\/wp\/v2\/product"}],"about":[{"href":"http:\/\/www.madnaughty.cz\/index.php?rest_route=\/wp\/v2\/types\/product"}],"replies":[{"embeddable":true,"href":"http:\/\/www.madnaughty.cz\/index.php?rest_route=%2Fwp%2Fv2%2Fcomments&post=2023"}],"wp:featuredmedia":[{"embeddable":true,"href":"http:\/\/www.madnaughty.cz\/index.php?rest_route=\/wp\/v2\/media\/2024"}],"wp:attachment":[{"href":"http:\/\/www.madnaughty.cz\/index.php?rest_route=%2Fwp%2Fv2%2Fmedia&parent=2023"}],"wp:term":[{"taxonomy":"product_cat","embeddable":true,"href":"http:\/\/www.madnaughty.cz\/index.php?rest_route=%2Fwp%2Fv2%2Fproduct_cat&post=2023"},{"taxonomy":"product_tag","embeddable":true,"href":"http:\/\/www.madnaughty.cz\/index.php?rest_route=%2Fwp%2Fv2%2Fproduct_tag&post=2023"}],"curies":[{"name":"wp","href":"https:\/\/api.w.org\/{rel}","templated":true}]}}