{"id":270,"date":"2024-08-04T22:17:38","date_gmt":"2024-08-04T20:17:38","guid":{"rendered":"https:\/\/www.madnaughty.cz\/?post_type=product&#038;p=270"},"modified":"2024-08-13T20:54:08","modified_gmt":"2024-08-13T18:54:08","slug":"plsteny-privesek-na-klice-little-bitch-cerveny","status":"publish","type":"product","link":"http:\/\/www.madnaughty.cz\/?product=plsteny-privesek-na-klice-little-bitch-cerveny","title":{"rendered":"Plst\u011bn\u00fd p\u0159\u00edv\u011bsek na kl\u00ed\u010de \u2013 Little Bitch \u2013 \u010derven\u00fd"},"content":{"rendered":"<div class=\"woocommerce-tabs wc-tabs-wrapper\">\n<div id=\"tab-description\" class=\"woocommerce-Tabs-panel woocommerce-Tabs-panel--description panel entry-content wc-tab\" role=\"tabpanel\" aria-labelledby=\"tab-title-description\">\n<p>P\u0159idejte do sv\u00e9ho kl\u00ed\u010dov\u00e9ho setu \u0161petku odvahy a vtipu s t\u00edmto stylov\u00fdm plst\u011bn\u00fdm p\u0159\u00edv\u011bskem na kl\u00ed\u010de! V \u010derven\u00e9 barv\u011b s v\u00fdrazn\u00fdm \u010dern\u00fdm n\u00e1pisem \u201eLittle Bitch\u201c, tento p\u0159\u00edv\u011bsek je ide\u00e1ln\u00edm d\u00e1rkem od p\u00e1na, kter\u00fd chce pot\u011b\u0161it \u010di si ozna\u010dkovat svou prot\u011bj\u0161ek. Vyroben\u00fd z kvalitn\u00ed plsti, nab\u00edz\u00ed tento p\u0159\u00edv\u011bsek nejen origin\u00e1ln\u00ed vzhled, ale i odolnost a dlouhou \u017eivotnost.<\/p>\n<ul>\n<li><strong>Design<\/strong>: \u010cerven\u00fd p\u0159\u00edv\u011bsek s \u010dern\u00fdm n\u00e1pisem \u201eLittle Bitch\u201c pro odv\u00e1\u017en\u00fd a hrav\u00fd vzhled<\/li>\n<li><strong>Velikost<\/strong>: Cca 3 x 12,5 cm, ide\u00e1ln\u00ed pro p\u0159ipevn\u011bn\u00ed na kl\u00ed\u010de nebo ta\u0161ku<\/li>\n<li><strong>Materi\u00e1l<\/strong>: Kvalitn\u00ed pls\u0165 z recyklovan\u00e9ho materi\u00e1lu (RPET)<\/li>\n<li><strong>Funkce<\/strong>: Stylov\u00fd a praktick\u00fd dopln\u011bk, kter\u00fd upout\u00e1 pozornost a p\u0159id\u00e1 va\u0161im kl\u00ed\u010d\u016fm osobit\u00fd n\u00e1dech<\/li>\n<\/ul>\n<p>Perfektn\u00ed jako z\u00e1bavn\u00fd a jedine\u010dn\u00fd d\u00e1rek, kter\u00fd uk\u00e1\u017ee v\u00e1\u0161 smysl pro humor a osobitost!<\/p>\n<p>&nbsp;<\/p>\n<\/div>\n<\/div>\n","protected":false},"excerpt":{"rendered":"<div class=\"woocommerce-product-details__short-description\">\n<p>\u0158ekn\u011bte to kl\u00ed\u010denkou !<\/p>\n<\/div>\n","protected":false},"featured_media":271,"comment_status":"open","ping_status":"closed","template":"","meta":[],"product_cat":[80],"product_tag":[114,108,112,103],"class_list":{"0":"post-270","1":"product","2":"type-product","3":"status-publish","4":"has-post-thumbnail","6":"product_cat-klicenky","7":"product_tag-bdsm","8":"product_tag-hanbate","9":"product_tag-valentyn","10":"product_tag-z-lasky","12":"first","13":"instock","14":"shipping-taxable","15":"purchasable","16":"product-type-simple"},"_links":{"self":[{"href":"http:\/\/www.madnaughty.cz\/index.php?rest_route=\/wp\/v2\/product\/270"}],"collection":[{"href":"http:\/\/www.madnaughty.cz\/index.php?rest_route=\/wp\/v2\/product"}],"about":[{"href":"http:\/\/www.madnaughty.cz\/index.php?rest_route=\/wp\/v2\/types\/product"}],"replies":[{"embeddable":true,"href":"http:\/\/www.madnaughty.cz\/index.php?rest_route=%2Fwp%2Fv2%2Fcomments&post=270"}],"wp:featuredmedia":[{"embeddable":true,"href":"http:\/\/www.madnaughty.cz\/index.php?rest_route=\/wp\/v2\/media\/271"}],"wp:attachment":[{"href":"http:\/\/www.madnaughty.cz\/index.php?rest_route=%2Fwp%2Fv2%2Fmedia&parent=270"}],"wp:term":[{"taxonomy":"product_cat","embeddable":true,"href":"http:\/\/www.madnaughty.cz\/index.php?rest_route=%2Fwp%2Fv2%2Fproduct_cat&post=270"},{"taxonomy":"product_tag","embeddable":true,"href":"http:\/\/www.madnaughty.cz\/index.php?rest_route=%2Fwp%2Fv2%2Fproduct_tag&post=270"}],"curies":[{"name":"wp","href":"https:\/\/api.w.org\/{rel}","templated":true}]}}