{"id":280,"date":"2024-08-05T08:07:42","date_gmt":"2024-08-05T06:07:42","guid":{"rendered":"https:\/\/www.madnaughty.cz\/?post_type=product&#038;p=280"},"modified":"2024-08-13T20:07:10","modified_gmt":"2024-08-13T18:07:10","slug":"vonna-svicka-ve-skle-treewick-ruzova","status":"publish","type":"product","link":"http:\/\/www.madnaughty.cz\/?product=vonna-svicka-ve-skle-treewick-ruzova","title":{"rendered":"Vonn\u00e1 sv\u00ed\u010dka ve skle TreeWick \u2013 r\u016f\u017eov\u00e1"},"content":{"rendered":"<p>P\u0159ipravte se na okam\u017eiky \u010dist\u00e9 bla\u017eenosti s touto sv\u00ed\u010dkou s r\u016f\u017eov\u00fdm voskem a n\u00e1pisem \u201eOrgasm loading\u201c z holografick\u00e9ho vinylu. S v\u016fn\u00ed sladk\u00e9 broskve a jemn\u00e9ho t\u0159e\u0161\u0148ov\u00e9ho kv\u011btu v\u00e1s tato sv\u00ed\u010dka p\u0159enese do sv\u011bta smyslnosti a relaxace. D\u0159ev\u011bn\u00fd knot nav\u00edc dod\u00e1v\u00e1 p\u0159\u00edjemn\u00e9 prask\u00e1n\u00ed, kter\u00e9 umocn\u00ed atmosf\u00e9ru. Perfektn\u00ed volba pro speci\u00e1ln\u00ed ve\u010dery nebo jako nezapomenuteln\u00fd d\u00e1rek.<\/p>\n<ul>\n<li>R\u016f\u017eov\u00fd vosk pro stylov\u00fd vzhled<\/li>\n<li>Holografick\u00fd n\u00e1pis pro extra efekt<\/li>\n<li>D\u0159ev\u011bn\u00fd knot<\/li>\n<li>Doba ho\u0159en\u00ed a\u017e 15 hodin<\/li>\n<li>S v\u016fn\u00ed Peach &amp; Cherry Blossom<\/li>\n<li>8 \u00d7 6 \u00d7 6,5 cm<\/li>\n<\/ul>\n","protected":false},"excerpt":{"rendered":"<div class=\"woocommerce-product-details__short-description\">\n<div class=\"woocommerce-product-details__short-description\">\n<div class=\"woocommerce-product-details__short-description\">\n<p>Dop\u0159ejte si chvilku pohody s touto luxusn\u00ed vonnou sv\u00ed\u010dkou TreeWick s polepem \u201cOrgasm loading\u201d\u2026<\/p>\n<\/div>\n<\/div>\n<\/div>\n","protected":false},"featured_media":282,"comment_status":"open","ping_status":"closed","template":"","meta":[],"product_cat":[82],"product_tag":[108,112,113,103],"class_list":{"0":"post-280","1":"product","2":"type-product","3":"status-publish","4":"has-post-thumbnail","6":"product_cat-svicky","7":"product_tag-hanbate","8":"product_tag-valentyn","9":"product_tag-vtipne","10":"product_tag-z-lasky","12":"first","13":"instock","14":"shipping-taxable","15":"purchasable","16":"product-type-simple"},"_links":{"self":[{"href":"http:\/\/www.madnaughty.cz\/index.php?rest_route=\/wp\/v2\/product\/280"}],"collection":[{"href":"http:\/\/www.madnaughty.cz\/index.php?rest_route=\/wp\/v2\/product"}],"about":[{"href":"http:\/\/www.madnaughty.cz\/index.php?rest_route=\/wp\/v2\/types\/product"}],"replies":[{"embeddable":true,"href":"http:\/\/www.madnaughty.cz\/index.php?rest_route=%2Fwp%2Fv2%2Fcomments&post=280"}],"wp:featuredmedia":[{"embeddable":true,"href":"http:\/\/www.madnaughty.cz\/index.php?rest_route=\/wp\/v2\/media\/282"}],"wp:attachment":[{"href":"http:\/\/www.madnaughty.cz\/index.php?rest_route=%2Fwp%2Fv2%2Fmedia&parent=280"}],"wp:term":[{"taxonomy":"product_cat","embeddable":true,"href":"http:\/\/www.madnaughty.cz\/index.php?rest_route=%2Fwp%2Fv2%2Fproduct_cat&post=280"},{"taxonomy":"product_tag","embeddable":true,"href":"http:\/\/www.madnaughty.cz\/index.php?rest_route=%2Fwp%2Fv2%2Fproduct_tag&post=280"}],"curies":[{"name":"wp","href":"https:\/\/api.w.org\/{rel}","templated":true}]}}