{"id":392,"date":"2024-08-05T14:49:29","date_gmt":"2024-08-05T12:49:29","guid":{"rendered":"https:\/\/www.madnaughty.cz\/?post_type=product&#038;p=392"},"modified":"2024-08-14T08:39:55","modified_gmt":"2024-08-14T06:39:55","slug":"sklenicka-zelena-sage","status":"publish","type":"product","link":"http:\/\/www.madnaughty.cz\/?product=sklenicka-zelena-sage","title":{"rendered":"Skleni\u010dka zelen\u00e1 &#8211; SAGE"},"content":{"rendered":"<p>M\u00e1te n\u011bkdy den, kdy ani \u0161alv\u011bj nem\u016f\u017ee v\u0161echno vy\u0159e\u0161it? Tato skleni\u010dka je tu pro v\u00e1s! S n\u00e1pisem &#8222;Not Enough Sage For This Shit&#8220; v holografick\u00e9m vinylu, kter\u00fd m\u011bn\u00ed barvy podle \u00fahlu pohledu, je tato skleni\u010dka ide\u00e1ln\u00ed pro v\u0161echny, kte\u0159\u00ed berou \u017eivot s nadhledem.<\/p>\n<p>Skleni\u010dka na studen\u00e9 n\u00e1poje BEER CAN zelen\u00e1 s ru\u010dn\u011b lepen\u00fdm motivem.<\/p>\n<p><em><strong>S bambusov\u00fdm v\u00ed\u010dkem a sklen\u011bn\u00fdm br\u010dkem.\u00a0<\/strong><\/em><\/p>\n<p><strong>Skleni\u010dka nen\u00ed vhodn\u00e1 na hork\u00e9 n\u00e1poje ani do my\u010dky \u010di mikrovlnky.<br \/>\nMyt\u00ed pouze v ruce, neodmo\u010dujte.\u00a0<\/strong><\/p>\n<p><strong>Objem sklenice\u00a0je 380 ml<\/strong><\/p>\n","protected":false},"excerpt":{"rendered":"<p>Skleni\u010dka velikost M s bambusov\u00fdm v\u00ed\u010dkem a sklen\u011bn\u00fdm br\u010dkem<\/p>\n","protected":false},"featured_media":343,"comment_status":"open","ping_status":"closed","template":"","meta":[],"product_cat":[73],"product_tag":[106],"class_list":{"0":"post-392","1":"product","2":"type-product","3":"status-publish","4":"has-post-thumbnail","6":"product_cat-sklenicky","7":"product_tag-pro-hrace","9":"first","10":"instock","11":"shipping-taxable","12":"purchasable","13":"product-type-simple"},"_links":{"self":[{"href":"http:\/\/www.madnaughty.cz\/index.php?rest_route=\/wp\/v2\/product\/392"}],"collection":[{"href":"http:\/\/www.madnaughty.cz\/index.php?rest_route=\/wp\/v2\/product"}],"about":[{"href":"http:\/\/www.madnaughty.cz\/index.php?rest_route=\/wp\/v2\/types\/product"}],"replies":[{"embeddable":true,"href":"http:\/\/www.madnaughty.cz\/index.php?rest_route=%2Fwp%2Fv2%2Fcomments&post=392"}],"wp:featuredmedia":[{"embeddable":true,"href":"http:\/\/www.madnaughty.cz\/index.php?rest_route=\/wp\/v2\/media\/343"}],"wp:attachment":[{"href":"http:\/\/www.madnaughty.cz\/index.php?rest_route=%2Fwp%2Fv2%2Fmedia&parent=392"}],"wp:term":[{"taxonomy":"product_cat","embeddable":true,"href":"http:\/\/www.madnaughty.cz\/index.php?rest_route=%2Fwp%2Fv2%2Fproduct_cat&post=392"},{"taxonomy":"product_tag","embeddable":true,"href":"http:\/\/www.madnaughty.cz\/index.php?rest_route=%2Fwp%2Fv2%2Fproduct_tag&post=392"}],"curies":[{"name":"wp","href":"https:\/\/api.w.org\/{rel}","templated":true}]}}