{"id":402,"date":"2024-08-05T15:01:54","date_gmt":"2024-08-05T13:01:54","guid":{"rendered":"https:\/\/www.madnaughty.cz\/?post_type=product&#038;p=402"},"modified":"2024-08-13T20:18:30","modified_gmt":"2024-08-13T18:18:30","slug":"lapac-slunce-donut-stop","status":"publish","type":"product","link":"http:\/\/www.madnaughty.cz\/?product=lapac-slunce-donut-stop","title":{"rendered":"Lapa\u010d slunce \u2013 Donut Stop"},"content":{"rendered":"<p>O\u017eivte sv\u016fj prostor s na\u0161\u00edm origin\u00e1ln\u00edm lapa\u010dem slunce! Tento jedine\u010dn\u00fd design s motivem <strong>Donut Stop<\/strong> p\u0159in\u00e1\u0161\u00ed do va\u0161eho interi\u00e9ru nejen barevn\u00e9 odlesky, ale i krapet erotick\u00e9ho n\u00e1dechu.<\/p>\n<blockquote><p>Lapa\u010d slunce, zn\u00e1m\u00fd tak\u00e9 jako \u201esun catcher,\u201c je dekorativn\u00ed kousek, kter\u00fd se p\u0159ipev\u0148uje na okno a vyu\u017e\u00edv\u00e1 slune\u010dn\u00ed sv\u011btlo k vytvo\u0159en\u00ed kr\u00e1sn\u00fdch duhov\u00fdch efekt\u016f, kter\u00e9 rozjasn\u00ed ka\u017ed\u00fd kout va\u0161eho domova.<\/p><\/blockquote>\n<ul>\n<li><strong>Design<\/strong>: Z\u00e1bavn\u00fd donut s ban\u00e1nem pro hrav\u00fd a smysln\u00fd vzhled<\/li>\n<li><strong>Velikost<\/strong>: 15&#215;15 cm &#8211;<em> jedn\u00e1 se o ru\u010dn\u00ed v\u00fdrobu, tak se lapa\u010de mohou ve velikosti li\u0161it cca +- 1cm<\/em><\/li>\n<li><strong>Materi\u00e1l<\/strong>: Vysoce kvalitn\u00ed a odoln\u00fd materi\u00e1l pro dlouhou \u017eivotnost<\/li>\n<li><strong>Funkce<\/strong>: Zachyt\u00e1v\u00e1 slune\u010dn\u00ed paprsky a vytv\u00e1\u0159\u00ed okouzluj\u00edc\u00ed odlesky<\/li>\n<\/ul>\n<p>A\u0165 u\u017e hled\u00e1te zp\u016fsob, jak p\u0159idat do sv\u00e9ho prostoru trochu humoru a elegance, nebo hled\u00e1te origin\u00e1ln\u00ed d\u00e1rek, tento lapa\u010d slunce je ide\u00e1ln\u00ed volba. P\u0159ineste do sv\u00e9ho \u017eivota radost a sv\u011btlo s t\u00edmto vtipn\u00fdm a atraktivn\u00edm kouskem!<\/p>\n<p><em>Jak aplikovat:<\/em><br \/>\nOkno umyjte a osu\u0161te. Odlepte lapa\u010d od spodn\u00ed f\u00f3lie a um\u00edst\u011bte ho na okno, kam nej\u010dast\u011bji sv\u00edt\u00ed slunce. \u010c\u00edm v\u00edce slune\u010dn\u00edho sv\u011btla, t\u00edm intenzivn\u011bj\u0161\u00ed bude \u00fa\u010dinek. Lehce p\u0159itla\u010dte k oknu a ujist\u011bte se, \u017ee dr\u017e\u00ed. Pokud by se odlepoval, lehce navlh\u010dete sklo, na kter\u00fd jej lep\u00edte. Lapa\u010d jde pohodln\u011b p\u0159elepit z okna na okno &#8211; tak pokud se s jeho um\u00edst\u011bn\u00edm netref\u00edte na prvn\u00ed dobrou, d\u00e1 se to je\u0161t\u011b napravit. Lapa\u010d na oknech nezanech\u00e1v\u00e1 zbytky lepidla.<\/p>\n<p>&nbsp;<\/p>\n","protected":false},"excerpt":{"rendered":"<div class=\"woocommerce-product-details__short-description\">\n<p>Vytvo\u0159te si ve sv\u00e9m domov\u011b kr\u00e1snou duhu. Lapa\u010d slunce pro to bude ide\u00e1ln\u00ed volba.<\/p>\n<\/div>\n","protected":false},"featured_media":299,"comment_status":"open","ping_status":"closed","template":"","meta":[],"product_cat":[74],"product_tag":[108],"class_list":{"0":"post-402","1":"product","2":"type-product","3":"status-publish","4":"has-post-thumbnail","6":"product_cat-suncatchers","7":"product_tag-hanbate","9":"first","10":"instock","11":"shipping-taxable","12":"purchasable","13":"product-type-simple"},"_links":{"self":[{"href":"http:\/\/www.madnaughty.cz\/index.php?rest_route=\/wp\/v2\/product\/402"}],"collection":[{"href":"http:\/\/www.madnaughty.cz\/index.php?rest_route=\/wp\/v2\/product"}],"about":[{"href":"http:\/\/www.madnaughty.cz\/index.php?rest_route=\/wp\/v2\/types\/product"}],"replies":[{"embeddable":true,"href":"http:\/\/www.madnaughty.cz\/index.php?rest_route=%2Fwp%2Fv2%2Fcomments&post=402"}],"wp:featuredmedia":[{"embeddable":true,"href":"http:\/\/www.madnaughty.cz\/index.php?rest_route=\/wp\/v2\/media\/299"}],"wp:attachment":[{"href":"http:\/\/www.madnaughty.cz\/index.php?rest_route=%2Fwp%2Fv2%2Fmedia&parent=402"}],"wp:term":[{"taxonomy":"product_cat","embeddable":true,"href":"http:\/\/www.madnaughty.cz\/index.php?rest_route=%2Fwp%2Fv2%2Fproduct_cat&post=402"},{"taxonomy":"product_tag","embeddable":true,"href":"http:\/\/www.madnaughty.cz\/index.php?rest_route=%2Fwp%2Fv2%2Fproduct_tag&post=402"}],"curies":[{"name":"wp","href":"https:\/\/api.w.org\/{rel}","templated":true}]}}