{"id":520,"date":"2024-08-06T09:59:55","date_gmt":"2024-08-06T07:59:55","guid":{"rendered":"https:\/\/www.madnaughty.cz\/?post_type=product&#038;p=520"},"modified":"2026-01-13T16:36:22","modified_gmt":"2026-01-13T15:36:22","slug":"tricko-sub-in-training-unisex-bile","status":"publish","type":"product","link":"http:\/\/www.madnaughty.cz\/?product=tricko-sub-in-training-unisex-bile","title":{"rendered":"Tri\u010dko \u2013 Sub in training \u2013 Unisex B\u00edl\u00e9"},"content":{"rendered":"<div class=\"woocommerce-product-details__short-description\">\n<p>Pro v\u0161echny, kte\u0159\u00ed se s humorem a v\u00e1\u0161n\u00ed v\u011bnuj\u00ed BDSM, je tu toto b\u00edl\u00e9 tri\u010dko s n\u00e1pisem<strong> \u201eSub in Training. DO NOT PET!\u201c.<\/strong> Toto tri\u010dko je ide\u00e1ln\u00ed pro ty, kte\u0159\u00ed cht\u011bj\u00ed vyj\u00e1d\u0159it svou roli v tr\u00e9ninku s vtipem a stylem.<\/p>\n<p><strong>Materi\u00e1l:<\/strong> 100% bavlna pro maxim\u00e1ln\u00ed pohodl\u00ed a prody\u0161nost. Perfektn\u00ed volba pro ka\u017edodenn\u00ed no\u0161en\u00ed i speci\u00e1ln\u00ed p\u0159\u00edle\u017eitosti.<\/p>\n<p><strong>Design:<\/strong> Modern\u00ed unisex st\u0159ih ve velikostech od S do 3XL. Tri\u010dko je k dispozici v b\u00edl\u00e9m proveden\u00ed a jeho design je pln\u011b p\u0159izp\u016fsobiteln\u00fd dle p\u0159\u00e1n\u00ed z\u00e1kazn\u00edka. M\u016f\u017eete si p\u0159izp\u016fsobit text nebo grafiku, aby tri\u010dko co nejl\u00e9pe vyjad\u0159ovalo va\u0161i osobnost nebo pot\u0159eby.<\/p>\n<p><strong>Detaily:<\/strong><\/p>\n<ul>\n<li>Barva: B\u00edl\u00e1<\/li>\n<li>Materi\u00e1l: 100% bavlna<\/li>\n<li>Typ: Unisex<\/li>\n<li>Velikosti: S \u2013 3XL<\/li>\n<li>Mo\u017enost p\u0159izp\u016fsoben\u00ed designu<\/li>\n<\/ul>\n<p><strong>P\u00e9\u010de:<\/strong> Pran\u00ed na n\u00edzk\u00e9 teplot\u011b a \u017eehlit naruby pro zaji\u0161t\u011bn\u00ed dlouh\u00e9 \u017eivotnosti tri\u010dka.<\/p>\n<p>Toto tri\u010dko je skv\u011bl\u00fdm zp\u016fsobem, jak vtipn\u011b a s gr\u00e1ci\u00ed uk\u00e1zat svou roli v BDSM dynamice. Ide\u00e1ln\u00ed d\u00e1rek pro sebe nebo pro partnera, kter\u00fd ocen\u00ed smysl pro humor a individu\u00e1ln\u00ed p\u0159\u00edstup.<\/p>\n<\/div>\n","protected":false},"excerpt":{"rendered":"<p>Pro v\u0161echny, kte\u0159\u00ed se s humorem a v\u00e1\u0161n\u00ed v\u011bnuj\u00ed BDSM, je tu toto b\u00edl\u00e9 tri\u010dko s n\u00e1pisem \u201eSub in Training. DO NOT PET!\u201c. Toto tri\u010dko je<span class=\"excerpt-hellip\"> [\u2026]<\/span><\/p>\n","protected":false},"featured_media":372,"comment_status":"open","ping_status":"closed","template":"","meta":[],"product_cat":[76],"product_tag":[114,108],"class_list":{"0":"post-520","1":"product","2":"type-product","3":"status-publish","4":"has-post-thumbnail","6":"product_cat-tricka","7":"product_tag-bdsm","8":"product_tag-hanbate","10":"first","11":"instock","12":"shipping-taxable","13":"purchasable","14":"product-type-variable"},"_links":{"self":[{"href":"http:\/\/www.madnaughty.cz\/index.php?rest_route=\/wp\/v2\/product\/520"}],"collection":[{"href":"http:\/\/www.madnaughty.cz\/index.php?rest_route=\/wp\/v2\/product"}],"about":[{"href":"http:\/\/www.madnaughty.cz\/index.php?rest_route=\/wp\/v2\/types\/product"}],"replies":[{"embeddable":true,"href":"http:\/\/www.madnaughty.cz\/index.php?rest_route=%2Fwp%2Fv2%2Fcomments&post=520"}],"wp:featuredmedia":[{"embeddable":true,"href":"http:\/\/www.madnaughty.cz\/index.php?rest_route=\/wp\/v2\/media\/372"}],"wp:attachment":[{"href":"http:\/\/www.madnaughty.cz\/index.php?rest_route=%2Fwp%2Fv2%2Fmedia&parent=520"}],"wp:term":[{"taxonomy":"product_cat","embeddable":true,"href":"http:\/\/www.madnaughty.cz\/index.php?rest_route=%2Fwp%2Fv2%2Fproduct_cat&post=520"},{"taxonomy":"product_tag","embeddable":true,"href":"http:\/\/www.madnaughty.cz\/index.php?rest_route=%2Fwp%2Fv2%2Fproduct_tag&post=520"}],"curies":[{"name":"wp","href":"https:\/\/api.w.org\/{rel}","templated":true}]}}