{"id":546,"date":"2024-08-06T10:21:23","date_gmt":"2024-08-06T08:21:23","guid":{"rendered":"https:\/\/www.madnaughty.cz\/?post_type=product&#038;p=546"},"modified":"2024-08-14T12:43:36","modified_gmt":"2024-08-14T10:43:36","slug":"samolepka-vinylova-dogo-argentino-on-board-bila","status":"publish","type":"product","link":"http:\/\/www.madnaughty.cz\/?product=samolepka-vinylova-dogo-argentino-on-board-bila","title":{"rendered":"Samolepka vinylov\u00e1 \u2013 DOGO Argentino on board \u2013 B\u00edl\u00e1"},"content":{"rendered":"<p>P\u0159idejte na sv\u00e9 auto stylov\u00fd prvek s na\u0161\u00ed origin\u00e1ln\u00ed samolepkou \u201eDOGO Argentino on Board\u201c. Tato samolepka je ide\u00e1ln\u00ed pro v\u0161echny majitele argentinsk\u00fdch dog, kte\u0159\u00ed cht\u011bj\u00ed uk\u00e1zat, \u017ee jejich \u010dty\u0159noh\u00fd p\u0159\u00edtel je na palub\u011b.<\/p>\n<p><strong>Specifikace:<\/strong><\/p>\n<ul>\n<li><strong>Motiv:<\/strong> \u201eDOGO Argentino on Board\u201c<\/li>\n<li><strong>Velikost:<\/strong> 16 x 11 cm<\/li>\n<li><strong>Materi\u00e1l:<\/strong> Samolep\u00edc\u00ed leskl\u00fd vinyl<\/li>\n<\/ul>\n<p><strong>Pou\u017eit\u00ed:<\/strong> Tato samolepka je vhodn\u00e1 pro dekoraci jak vnit\u0159n\u00edch, tak venkovn\u00edch hladk\u00fdch povrch\u016f, v\u010detn\u011b automobil\u016f, n\u00e1bytku, oken a v\u00fdloh. Lze ji aplikovat na jak\u00e9koliv hladk\u00e9 povrchy.<\/p>\n<p><strong>Trvanlivost:<\/strong> St\u0159edn\u011bdob\u00e1 f\u00f3lie s trvanlivost\u00ed 2-5 let, ide\u00e1ln\u00ed pro dlouhodob\u00e9 pou\u017eit\u00ed a odoln\u00e1 v\u016f\u010di pov\u011btrnostn\u00edm vliv\u016fm.<\/p>\n<p><strong>Design:<\/strong> Samolepka nem\u00e1 \u017e\u00e1dn\u00e9 pozad\u00ed, tak\u017ee barva obr\u00e1zku by m\u011bla kontrastovat s barvou povrchu, na kter\u00fd ji lep\u00edte. Nap\u0159\u00edklad na \u010dern\u00e9 auto doporu\u010dujeme b\u00edlou samolepku, na b\u00edl\u00e9 auto \u010dernou samolepku.<\/p>\n<p><strong>Pozn\u00e1mka:<\/strong> Pokud si p\u0159ejete samolepku v jin\u00e9 barv\u011b, p\u0159ipi\u0161te n\u00e1m to do pozn\u00e1mky k objedn\u00e1vce. Vyr\u00e1b\u00edme samolepky na m\u00edru podle va\u0161ich p\u0159\u00e1n\u00ed.<\/p>\n<p>Vyj\u00e1d\u0159ete svou hrdost na svou argentinskou dogu a p\u0159idejte kousek osobn\u00edho stylu na sv\u00e9 auto s na\u0161\u00ed samolepkou \u201eDOGO Argentino on Board\u201c!<\/p>\n","protected":false},"excerpt":{"rendered":"<p>P\u0159idejte na sv\u00e9 auto stylov\u00fd prvek s na\u0161\u00ed origin\u00e1ln\u00ed samolepkou \u201eDOGO Argentino on Board\u201c. Tato samolepka je ide\u00e1ln\u00ed pro v\u0161echny majitele argentinsk\u00fdch dog, kte\u0159\u00ed cht\u011bj\u00ed uk\u00e1zat,<span class=\"excerpt-hellip\"> [\u2026]<\/span><\/p>\n","protected":false},"featured_media":309,"comment_status":"open","ping_status":"closed","template":"","meta":[],"product_cat":[78],"product_tag":[107],"class_list":{"0":"post-546","1":"product","2":"type-product","3":"status-publish","4":"has-post-thumbnail","6":"product_cat-samolepky-venkovni","7":"product_tag-dog","9":"first","10":"instock","11":"shipping-taxable","12":"purchasable","13":"product-type-simple"},"_links":{"self":[{"href":"http:\/\/www.madnaughty.cz\/index.php?rest_route=\/wp\/v2\/product\/546"}],"collection":[{"href":"http:\/\/www.madnaughty.cz\/index.php?rest_route=\/wp\/v2\/product"}],"about":[{"href":"http:\/\/www.madnaughty.cz\/index.php?rest_route=\/wp\/v2\/types\/product"}],"replies":[{"embeddable":true,"href":"http:\/\/www.madnaughty.cz\/index.php?rest_route=%2Fwp%2Fv2%2Fcomments&post=546"}],"wp:featuredmedia":[{"embeddable":true,"href":"http:\/\/www.madnaughty.cz\/index.php?rest_route=\/wp\/v2\/media\/309"}],"wp:attachment":[{"href":"http:\/\/www.madnaughty.cz\/index.php?rest_route=%2Fwp%2Fv2%2Fmedia&parent=546"}],"wp:term":[{"taxonomy":"product_cat","embeddable":true,"href":"http:\/\/www.madnaughty.cz\/index.php?rest_route=%2Fwp%2Fv2%2Fproduct_cat&post=546"},{"taxonomy":"product_tag","embeddable":true,"href":"http:\/\/www.madnaughty.cz\/index.php?rest_route=%2Fwp%2Fv2%2Fproduct_tag&post=546"}],"curies":[{"name":"wp","href":"https:\/\/api.w.org\/{rel}","templated":true}]}}