{"id":550,"date":"2024-08-06T11:06:09","date_gmt":"2024-08-06T09:06:09","guid":{"rendered":"https:\/\/www.madnaughty.cz\/?post_type=product&#038;p=550"},"modified":"2026-04-04T23:33:07","modified_gmt":"2026-04-04T21:33:07","slug":"lapac-slunce-s-vlastnim-motivem","status":"publish","type":"product","link":"http:\/\/www.madnaughty.cz\/?product=lapac-slunce-s-vlastnim-motivem","title":{"rendered":"Lapa\u010d slunce s vlastn\u00edm motivem"},"content":{"rendered":"<p>Vytvo\u0159te si vlastn\u00ed kousek kouzla s na\u0161imi lapa\u010di slunce na m\u00edru! Nab\u00edz\u00edme mo\u017enost designu lapa\u010de slunce podle va\u0161ich p\u0159edstav ve t\u0159ech velikostech:<\/p>\n<ul>\n<li><strong>Do 10 cm<\/strong> \u2013 Ide\u00e1ln\u00ed pro men\u0161\u00ed okna nebo dekorativn\u00ed plochy<\/li>\n<li><strong>Do 15 cm<\/strong> \u2013 Skv\u011bl\u00fd pro st\u0159edn\u00ed prostor a v\u00fdrazn\u00e9 efekty<\/li>\n<li><strong>Do 20 cm<\/strong> \u2013 Perfektn\u00ed pro v\u011bt\u0161\u00ed okna a dominantn\u00ed dekorace<\/li>\n<\/ul>\n<p><strong>Jak to funguje:<\/strong><\/p>\n<ol>\n<li><strong>Vyberte si motiv<\/strong>: M\u016f\u017eete si vybrat z motiv\u016f z na\u0161eho eshopu nebo si vytvo\u0159it vlastn\u00ed &#8211; s tvorbou v\u00e1m r\u00e1di pom\u016f\u017eeme \u2665<\/li>\n<li><strong>Vyberte barvu vinylov\u00e9 f\u00f3lie<\/strong>: Vyberte si z na\u0161eho <a href=\"https:\/\/www.madnaughty.cz\/?page_id=631\">katalogu \u0161irokou \u0161k\u00e1lu barev vinylov\u00e9 f\u00f3lie<\/a>, kter\u00e1 dod\u00e1 va\u0161emu lapa\u010di slunce unik\u00e1tn\u00ed vzhled.<\/li>\n<li><strong>My se postar\u00e1me o zbytek<\/strong>: Na z\u00e1klad\u011b va\u0161eho v\u00fdb\u011bru vytvo\u0159\u00edme lapa\u010d slunce p\u0159esn\u011b podle va\u0161ich p\u0159edstav.<\/li>\n<\/ol>\n<p>P\u0159idejte do sv\u00e9ho prostoru osobn\u00ed n\u00e1dech a jedine\u010dn\u00e9 kouzlo s lapa\u010dem slunce na m\u00edru! Skv\u011bl\u00fd d\u00e1rek pro zvl\u00e1\u0161tn\u00ed p\u0159\u00edle\u017eitosti nebo jako osobn\u00ed dekorace, kter\u00e1 p\u0159inese radost a sv\u011btlo do ka\u017ed\u00e9ho dne.<\/p>\n<p>Lapa\u010de um\u00edme vyrobit a\u017e do velikosti 21&#215;30 cm \u2665<\/p>\n","protected":false},"excerpt":{"rendered":"<p>Vytvo\u0159te si lapa\u010d slunce s vlastn\u00edm motivem \u2665<\/p>\n","protected":false},"featured_media":552,"comment_status":"open","ping_status":"closed","template":"","meta":[],"product_cat":[74,83],"product_tag":[],"class_list":{"0":"post-550","1":"product","2":"type-product","3":"status-publish","4":"has-post-thumbnail","6":"product_cat-suncatchers","7":"product_cat-vlastni","9":"first","10":"instock","11":"shipping-taxable","12":"purchasable","13":"product-type-variable"},"_links":{"self":[{"href":"http:\/\/www.madnaughty.cz\/index.php?rest_route=\/wp\/v2\/product\/550"}],"collection":[{"href":"http:\/\/www.madnaughty.cz\/index.php?rest_route=\/wp\/v2\/product"}],"about":[{"href":"http:\/\/www.madnaughty.cz\/index.php?rest_route=\/wp\/v2\/types\/product"}],"replies":[{"embeddable":true,"href":"http:\/\/www.madnaughty.cz\/index.php?rest_route=%2Fwp%2Fv2%2Fcomments&post=550"}],"wp:featuredmedia":[{"embeddable":true,"href":"http:\/\/www.madnaughty.cz\/index.php?rest_route=\/wp\/v2\/media\/552"}],"wp:attachment":[{"href":"http:\/\/www.madnaughty.cz\/index.php?rest_route=%2Fwp%2Fv2%2Fmedia&parent=550"}],"wp:term":[{"taxonomy":"product_cat","embeddable":true,"href":"http:\/\/www.madnaughty.cz\/index.php?rest_route=%2Fwp%2Fv2%2Fproduct_cat&post=550"},{"taxonomy":"product_tag","embeddable":true,"href":"http:\/\/www.madnaughty.cz\/index.php?rest_route=%2Fwp%2Fv2%2Fproduct_tag&post=550"}],"curies":[{"name":"wp","href":"https:\/\/api.w.org\/{rel}","templated":true}]}}