{"id":585,"date":"2024-08-06T21:41:33","date_gmt":"2024-08-06T19:41:33","guid":{"rendered":"https:\/\/www.madnaughty.cz\/?post_type=product&#038;p=585"},"modified":"2024-08-14T12:05:14","modified_gmt":"2024-08-14T10:05:14","slug":"tricko-deamons-unisex-cerne","status":"publish","type":"product","link":"http:\/\/www.madnaughty.cz\/?product=tricko-deamons-unisex-cerne","title":{"rendered":"Tri\u010dko \u2013 Deamons \u2013 Unisex \u010cern\u00e9"},"content":{"rendered":"<div class=\"woocommerce-product-details__short-description\">\n<p>O\u017eivte sv\u016fj styl s t\u00edmto unik\u00e1tn\u00edm \u010dern\u00fdm tri\u010dkem, kter\u00e9 je nejen m\u00f3dn\u00ed, ale i pln\u00e9 charakteru. S v\u00fdrazn\u00fdm n\u00e1pisem \u201eYou\u2019re never alone if you have demons\u201c vyjad\u0159uje va\u0161e jedine\u010dn\u00e9 n\u00e1zory a smysl pro humor. Ide\u00e1ln\u00ed volba pro v\u0161echny, kdo cht\u011bj\u00ed spojit pohodl\u00ed s osobit\u00fdm designem.<\/p>\n<p><strong>Materi\u00e1l:<\/strong> 100% bavlna pro maxim\u00e1ln\u00ed pohodl\u00ed a prody\u0161nost.<\/p>\n<p><strong>Design:<\/strong> Modern\u00ed unisex st\u0159ih, kter\u00fd padne ka\u017ed\u00e9mu. Vynik\u00e1 nejen origin\u00e1ln\u00edm n\u00e1pisem, ale i kvalitn\u00edm proveden\u00edm.<\/p>\n<p><strong>Detaily:<\/strong><\/p>\n<ul>\n<li>Barva: \u010cern\u00e1<\/li>\n<li>Materi\u00e1l: 100% bavlna<\/li>\n<li>Typ: Unisex<\/li>\n<li>Ide\u00e1ln\u00ed pro ka\u017edodenn\u00ed no\u0161en\u00ed nebo speci\u00e1ln\u00ed p\u0159\u00edle\u017eitosti<\/li>\n<\/ul>\n<p><strong>P\u00e9\u010de:<\/strong> Doporu\u010dujeme pr\u00e1t na n\u00edzk\u00e9 teplot\u011b a \u017eehlit naruby, aby va\u0161e tri\u010dko z\u016fstalo v perfektn\u00edm stavu co nejd\u00e9le.<\/p>\n<p>Vyj\u00e1d\u0159ete svou osobnost a sebev\u011bdom\u00ed s t\u00edmto stylov\u00fdm tri\u010dkem, kter\u00e9 je skv\u011bl\u00fdm d\u00e1rkem pro ka\u017ed\u00e9ho, kdo ocen\u00ed kvalitn\u00ed a zaj\u00edmav\u00fd design.<\/p>\n<\/div>\n","protected":false},"excerpt":{"rendered":"<p>O\u017eivte sv\u016fj styl s t\u00edmto unik\u00e1tn\u00edm \u010dern\u00fdm tri\u010dkem, kter\u00e9 je nejen m\u00f3dn\u00ed, ale i pln\u00e9 charakteru. S v\u00fdrazn\u00fdm n\u00e1pisem \u201eYou\u2019re never alone if you have demons\u201c<span class=\"excerpt-hellip\"> [\u2026]<\/span><\/p>\n","protected":false},"featured_media":592,"comment_status":"open","ping_status":"closed","template":"","meta":[],"product_cat":[76],"product_tag":[117,110],"class_list":{"0":"post-585","1":"product","2":"type-product","3":"status-publish","4":"has-post-thumbnail","6":"product_cat-tricka","7":"product_tag-mental-healt","8":"product_tag-self-love-care","10":"first","11":"onbackorder","12":"shipping-taxable","13":"purchasable","14":"product-type-variable"},"_links":{"self":[{"href":"http:\/\/www.madnaughty.cz\/index.php?rest_route=\/wp\/v2\/product\/585"}],"collection":[{"href":"http:\/\/www.madnaughty.cz\/index.php?rest_route=\/wp\/v2\/product"}],"about":[{"href":"http:\/\/www.madnaughty.cz\/index.php?rest_route=\/wp\/v2\/types\/product"}],"replies":[{"embeddable":true,"href":"http:\/\/www.madnaughty.cz\/index.php?rest_route=%2Fwp%2Fv2%2Fcomments&post=585"}],"wp:featuredmedia":[{"embeddable":true,"href":"http:\/\/www.madnaughty.cz\/index.php?rest_route=\/wp\/v2\/media\/592"}],"wp:attachment":[{"href":"http:\/\/www.madnaughty.cz\/index.php?rest_route=%2Fwp%2Fv2%2Fmedia&parent=585"}],"wp:term":[{"taxonomy":"product_cat","embeddable":true,"href":"http:\/\/www.madnaughty.cz\/index.php?rest_route=%2Fwp%2Fv2%2Fproduct_cat&post=585"},{"taxonomy":"product_tag","embeddable":true,"href":"http:\/\/www.madnaughty.cz\/index.php?rest_route=%2Fwp%2Fv2%2Fproduct_tag&post=585"}],"curies":[{"name":"wp","href":"https:\/\/api.w.org\/{rel}","templated":true}]}}