{"id":730,"date":"2024-08-09T11:38:44","date_gmt":"2024-08-09T09:38:44","guid":{"rendered":"https:\/\/www.madnaughty.cz\/?post_type=product&#038;p=730"},"modified":"2024-08-14T08:44:12","modified_gmt":"2024-08-14T06:44:12","slug":"sklenicka-moms-coffee","status":"publish","type":"product","link":"http:\/\/www.madnaughty.cz\/?product=sklenicka-moms-coffee","title":{"rendered":"Skleni\u010dka \u2013 MOM&#8217;s coffee"},"content":{"rendered":"<p>Pro v\u0161echny maminky, kter\u00e9 v\u00ed, \u017ee dosp\u011blost nen\u00ed v\u017edy jednoduch\u00e1. Tato stylov\u00e1 skleni\u010dka ve tvaru plechovky s vtipn\u00fdm n\u00e1pisem &#8222;Mom&#8217;s Coffee Because Adulting is Hard&#8220; je perfektn\u00ed na ledovou k\u00e1vu, \u010daj nebo jak\u00fdkoliv jin\u00fd n\u00e1poj, kter\u00fd v\u00e1m pom\u016f\u017ee p\u0159e\u017e\u00edt n\u00e1ro\u010dn\u00e9 dny. S objemem 473 ml je to skv\u011bl\u00fd dopln\u011bk do va\u0161\u00ed sb\u00edrky, kter\u00fd kombinuje funk\u010dnost s humorem.<\/p>\n<p>Skleni\u010dka na studen\u00e9 n\u00e1poje BEER CAN s ru\u010dn\u011b lepen\u00fdm motivem.<br \/>\nObjem \u2013 473 ml<\/p>\n<p><strong>Skleni\u010dka nen\u00ed vhodn\u00e1 na hork\u00e9 n\u00e1poje ani do my\u010dky \u010di mikrovlnky.<br \/>\nMyt\u00ed pouze v ruce, neodmo\u010dujte.\u00a0<\/strong><\/p>\n","protected":false},"excerpt":{"rendered":"<p>Skleni\u010dka na studen\u00e9 n\u00e1poje BEER CAN s ru\u010dn\u011b lepen\u00fdm motivem.<\/p>\n","protected":false},"featured_media":719,"comment_status":"open","ping_status":"closed","template":"","meta":[],"product_cat":[73],"product_tag":[102,104,109],"class_list":{"0":"post-730","1":"product","2":"type-product","3":"status-publish","4":"has-post-thumbnail","6":"product_cat-sklenicky","7":"product_tag-halloween","8":"product_tag-pro-maminky","9":"product_tag-sarkasticke","11":"first","12":"instock","13":"shipping-taxable","14":"purchasable","15":"product-type-simple"},"_links":{"self":[{"href":"http:\/\/www.madnaughty.cz\/index.php?rest_route=\/wp\/v2\/product\/730"}],"collection":[{"href":"http:\/\/www.madnaughty.cz\/index.php?rest_route=\/wp\/v2\/product"}],"about":[{"href":"http:\/\/www.madnaughty.cz\/index.php?rest_route=\/wp\/v2\/types\/product"}],"replies":[{"embeddable":true,"href":"http:\/\/www.madnaughty.cz\/index.php?rest_route=%2Fwp%2Fv2%2Fcomments&post=730"}],"wp:featuredmedia":[{"embeddable":true,"href":"http:\/\/www.madnaughty.cz\/index.php?rest_route=\/wp\/v2\/media\/719"}],"wp:attachment":[{"href":"http:\/\/www.madnaughty.cz\/index.php?rest_route=%2Fwp%2Fv2%2Fmedia&parent=730"}],"wp:term":[{"taxonomy":"product_cat","embeddable":true,"href":"http:\/\/www.madnaughty.cz\/index.php?rest_route=%2Fwp%2Fv2%2Fproduct_cat&post=730"},{"taxonomy":"product_tag","embeddable":true,"href":"http:\/\/www.madnaughty.cz\/index.php?rest_route=%2Fwp%2Fv2%2Fproduct_tag&post=730"}],"curies":[{"name":"wp","href":"https:\/\/api.w.org\/{rel}","templated":true}]}}