{"id":762,"date":"2024-08-10T15:19:51","date_gmt":"2024-08-10T13:19:51","guid":{"rendered":"https:\/\/www.madnaughty.cz\/?post_type=product&#038;p=762"},"modified":"2024-08-14T12:25:45","modified_gmt":"2024-08-14T10:25:45","slug":"zalozka-great-books","status":"publish","type":"product","link":"http:\/\/www.madnaughty.cz\/?product=zalozka-great-books","title":{"rendered":"Z\u00e1lo\u017eka &#8211; Great books"},"content":{"rendered":"<p>P\u0159idejte do sv\u00e9ho \u010dten\u00e1\u0159sk\u00e9ho ritu\u00e1lu \u0161petku humoru a osobitosti s na\u0161imi akrylov\u00fdmi z\u00e1lo\u017ekami do knihy s motivem <strong>\u201eGreat Books Make Your Pussy Wet\u201c<\/strong>. Tyto origin\u00e1ln\u00ed z\u00e1lo\u017eky nejen\u017ee udr\u017e\u00ed va\u0161e str\u00e1nky na spr\u00e1vn\u00e9m m\u00edst\u011b, ale tak\u00e9 p\u0159inesou \u00fasm\u011bv na tv\u00e1\u0159 ka\u017ed\u00e9mu, kdo je uvid\u00ed.<\/p>\n<p><strong>Specifikace:<\/strong><\/p>\n<ul>\n<li><strong>Velikost:<\/strong> 12 x 3,2 cm \u2013 ide\u00e1ln\u00ed pro v\u0161echny velikosti knih.<\/li>\n<li><strong>Materi\u00e1l:<\/strong> Vysoce kvalitn\u00ed akryl, kter\u00fd je odoln\u00fd a snadno se udr\u017euje.<\/li>\n<li><strong>Potisk:<\/strong> Vinylov\u00fd polep s vtipn\u00fdm a provokativn\u00edm motivem, kter\u00fd je odoln\u00fd proti ot\u011bru a vyblednut\u00ed.<\/li>\n<\/ul>\n<p><strong>Design:<\/strong> Elegantn\u00ed a praktick\u00e1 z\u00e1lo\u017eka, kter\u00e1 se hod\u00ed do ka\u017ed\u00e9 knihy. Motiv \u201eGreat Books Make Your Pussy Wet\u201c je skv\u011bl\u00fdm zp\u016fsobem, jak p\u0159idat do sv\u00e9ho \u010dten\u00ed osobit\u00fd a hrav\u00fd prvek.<\/p>\n<p><strong>P\u00e9\u010de:<\/strong> Snadno se \u010dist\u00ed \u2013 sta\u010d\u00ed ot\u0159\u00edt vlhk\u00fdm had\u0159\u00edkem. Vyhn\u011bte se pou\u017e\u00edv\u00e1n\u00ed agresivn\u00edch \u010distic\u00edch prost\u0159edk\u016f, aby se zachoval vzhled polepu.<\/p>\n<p>Tato z\u00e1lo\u017eka je nejen praktick\u00fdm dopl\u0148kem pro v\u0161echny milovn\u00edky knih, ale tak\u00e9 skv\u011bl\u00fdm d\u00e1rkem pro p\u0159\u00e1tele nebo sebe, kte\u0159\u00ed ocen\u00ed humor a styl.<\/p>\n","protected":false},"excerpt":{"rendered":"<p>P\u0159idejte do sv\u00e9ho \u010dten\u00e1\u0159sk\u00e9ho ritu\u00e1lu \u0161petku humoru a osobitosti s na\u0161imi akrylov\u00fdmi z\u00e1lo\u017ekami do knihy s motivem \u201eGreat Books Make Your Pussy Wet\u201c. Tyto origin\u00e1ln\u00ed z\u00e1lo\u017eky<span class=\"excerpt-hellip\"> [\u2026]<\/span><\/p>\n","protected":false},"featured_media":747,"comment_status":"open","ping_status":"closed","template":"","meta":[],"product_cat":[81],"product_tag":[108,116,113,103],"class_list":{"0":"post-762","1":"product","2":"type-product","3":"status-publish","4":"has-post-thumbnail","6":"product_cat-zalozky","7":"product_tag-hanbate","8":"product_tag-knihomolove","9":"product_tag-vtipne","10":"product_tag-z-lasky","12":"first","13":"instock","14":"shipping-taxable","15":"purchasable","16":"product-type-simple"},"_links":{"self":[{"href":"http:\/\/www.madnaughty.cz\/index.php?rest_route=\/wp\/v2\/product\/762"}],"collection":[{"href":"http:\/\/www.madnaughty.cz\/index.php?rest_route=\/wp\/v2\/product"}],"about":[{"href":"http:\/\/www.madnaughty.cz\/index.php?rest_route=\/wp\/v2\/types\/product"}],"replies":[{"embeddable":true,"href":"http:\/\/www.madnaughty.cz\/index.php?rest_route=%2Fwp%2Fv2%2Fcomments&post=762"}],"wp:featuredmedia":[{"embeddable":true,"href":"http:\/\/www.madnaughty.cz\/index.php?rest_route=\/wp\/v2\/media\/747"}],"wp:attachment":[{"href":"http:\/\/www.madnaughty.cz\/index.php?rest_route=%2Fwp%2Fv2%2Fmedia&parent=762"}],"wp:term":[{"taxonomy":"product_cat","embeddable":true,"href":"http:\/\/www.madnaughty.cz\/index.php?rest_route=%2Fwp%2Fv2%2Fproduct_cat&post=762"},{"taxonomy":"product_tag","embeddable":true,"href":"http:\/\/www.madnaughty.cz\/index.php?rest_route=%2Fwp%2Fv2%2Fproduct_tag&post=762"}],"curies":[{"name":"wp","href":"https:\/\/api.w.org\/{rel}","templated":true}]}}