{"id":780,"date":"2024-08-11T21:32:35","date_gmt":"2024-08-11T19:32:35","guid":{"rendered":"https:\/\/www.madnaughty.cz\/?post_type=product&#038;p=780"},"modified":"2024-08-13T20:29:28","modified_gmt":"2024-08-13T18:29:28","slug":"lapac-slunce-fk-ghost","status":"publish","type":"product","link":"http:\/\/www.madnaughty.cz\/?product=lapac-slunce-fk-ghost","title":{"rendered":"Lapa\u010d slunce \u2013 F**k Ghost"},"content":{"rendered":"<p>Dodajte sv\u00e9mu prostoru kousek hrav\u00e9ho a provokativn\u00edho kouzla s t\u00edmto unik\u00e1tn\u00edm lapa\u010dem slunce! S designem, na kter\u00e9m duch s vtipn\u011b zvednut\u00fdmi prost\u0159edn\u00ed\u010dky p\u0159in\u00e1\u0161\u00ed \u0161petku rebelie a humoru. Tento lapa\u010d slunce, nebo \u201esun catcher,\u201c vyu\u017e\u00edv\u00e1 slune\u010dn\u00ed paprsky k vytvo\u0159en\u00ed okouzluj\u00edc\u00edch duhov\u00fdch efekt\u016f, kter\u00e9 rozjasn\u00ed v\u00e1\u0161 domov a dodaj\u00ed mu osobit\u00fd n\u00e1dech.<\/p>\n<ul>\n<li><strong>Design<\/strong>: Duch s vtipn\u011b zvednut\u00fdmi prost\u0159edn\u00ed\u010dky pro hrav\u00fd a provokativn\u00ed vzhled<\/li>\n<li><strong>Velikost<\/strong>: cca 10x10cm \u2013 jedn\u00e1 se o ru\u010dn\u00ed v\u00fdrobu, tak se lapa\u010de mohou ve velikosti li\u0161it cca +- 1cm<\/li>\n<li><strong>Materi\u00e1l<\/strong>: Kvalitn\u00ed a odoln\u00fd materi\u00e1l pro dlouhou \u017eivotnost<\/li>\n<li><strong>Funkce<\/strong>: Rozptyluje slune\u010dn\u00ed paprsky a p\u0159in\u00e1\u0161\u00ed do m\u00edstnosti z\u00e1bavn\u00e9 odlesky<\/li>\n<\/ul>\n<p>Perfektn\u00ed pro ty, kdo maj\u00ed smysl pro humor a cht\u011bj\u00ed p\u0159idat do sv\u00e9ho prostoru n\u011bco jedine\u010dn\u00e9ho a origin\u00e1ln\u00edho!<\/p>\n<p>Jak aplikovat:<br \/>\nOkno umyjte a osu\u0161te. Odlepte lapa\u010d od spodn\u00ed f\u00f3lie a um\u00edst\u011bte ho na okno, kam nej\u010dast\u011bji sv\u00edt\u00ed slunce. \u010c\u00edm v\u00edce slune\u010dn\u00edho sv\u011btla, t\u00edm intenzivn\u011bj\u0161\u00ed bude \u00fa\u010dinek. Lehce p\u0159itla\u010dte k oknu a ujist\u011bte se, \u017ee dr\u017e\u00ed. Pokud by se odlepoval, lehce navlh\u010dete sklo, na kter\u00fd jej lep\u00edte. Lapa\u010d jde pohodln\u011b p\u0159elepit z okna na okno \u2013 tak pokud se s jeho um\u00edst\u011bn\u00edm netref\u00edte na prvn\u00ed dobrou, d\u00e1 se to je\u0161t\u011b napravit. Lapa\u010d na oknech nezanech\u00e1v\u00e1 zbytky lepidla.<\/p>\n<p>&nbsp;<\/p>\n","protected":false},"excerpt":{"rendered":"<div class=\"woocommerce-product-details__short-description\">\n<p>Vytvo\u0159te si ve sv\u00e9m domov\u011b kr\u00e1snou duhu. Lapa\u010d slunce pro to bude ide\u00e1ln\u00ed volba.<\/p>\n<\/div>\n","protected":false},"featured_media":786,"comment_status":"open","ping_status":"closed","template":"","meta":[],"product_cat":[74],"product_tag":[102,108],"class_list":{"0":"post-780","1":"product","2":"type-product","3":"status-publish","4":"has-post-thumbnail","6":"product_cat-suncatchers","7":"product_tag-halloween","8":"product_tag-hanbate","10":"first","11":"instock","12":"shipping-taxable","13":"purchasable","14":"product-type-simple"},"_links":{"self":[{"href":"http:\/\/www.madnaughty.cz\/index.php?rest_route=\/wp\/v2\/product\/780"}],"collection":[{"href":"http:\/\/www.madnaughty.cz\/index.php?rest_route=\/wp\/v2\/product"}],"about":[{"href":"http:\/\/www.madnaughty.cz\/index.php?rest_route=\/wp\/v2\/types\/product"}],"replies":[{"embeddable":true,"href":"http:\/\/www.madnaughty.cz\/index.php?rest_route=%2Fwp%2Fv2%2Fcomments&post=780"}],"wp:featuredmedia":[{"embeddable":true,"href":"http:\/\/www.madnaughty.cz\/index.php?rest_route=\/wp\/v2\/media\/786"}],"wp:attachment":[{"href":"http:\/\/www.madnaughty.cz\/index.php?rest_route=%2Fwp%2Fv2%2Fmedia&parent=780"}],"wp:term":[{"taxonomy":"product_cat","embeddable":true,"href":"http:\/\/www.madnaughty.cz\/index.php?rest_route=%2Fwp%2Fv2%2Fproduct_cat&post=780"},{"taxonomy":"product_tag","embeddable":true,"href":"http:\/\/www.madnaughty.cz\/index.php?rest_route=%2Fwp%2Fv2%2Fproduct_tag&post=780"}],"curies":[{"name":"wp","href":"https:\/\/api.w.org\/{rel}","templated":true}]}}