{"id":855,"date":"2024-08-17T15:23:19","date_gmt":"2024-08-17T13:23:19","guid":{"rendered":"https:\/\/www.madnaughty.cz\/?post_type=product&#038;p=855"},"modified":"2026-04-04T23:31:54","modified_gmt":"2026-04-04T21:31:54","slug":"kelimek-se-trpytkami-ruzovy","status":"publish","type":"product","link":"http:\/\/www.madnaughty.cz\/?product=kelimek-se-trpytkami-ruzovy","title":{"rendered":"Kel\u00edmek se t\u0159pytkami &#8211; r\u016f\u017eov\u00fd"},"content":{"rendered":"<p>Vychutnejte si sv\u00e9 obl\u00edben\u00e9 studen\u00e9 n\u00e1poje stylov\u011b s na\u0161\u00edm plastov\u00fdm znovu pou\u017eiteln\u00fdm kel\u00edmkem o objemu 700 ml. Tento kel\u00edmek v n\u00e1dhern\u00e9 r\u016f\u017eov\u00e9 barv\u011b se t\u0159pytkami je nejen praktick\u00fd, ale i elegantn\u00ed \u2013 perfektn\u00ed pro ka\u017edodenn\u00ed pou\u017eit\u00ed nebo speci\u00e1ln\u00ed p\u0159\u00edle\u017eitosti.<\/p>\n<p>Sou\u010d\u00e1st\u00ed kel\u00edmku je v\u00ed\u010dko a br\u010dko, co\u017e zaji\u0161\u0165uje maxim\u00e1ln\u00ed pohodl\u00ed p\u0159i pit\u00ed na cest\u00e1ch. Co je ale nejlep\u0161\u00ed? M\u016f\u017eete si ho p\u0159izp\u016fsobit dle vlastn\u00edch p\u0159edstav! Vyberte si vinylov\u00fd polep podle sv\u00e9ho p\u0159\u00e1n\u00ed \u2013 a\u0165 u\u017e jde o va\u0161e jm\u00e9no, n\u00e1pis &#8222;Nev\u011bsta&#8220;, nebo jak\u00fdkoli jin\u00fd text, kter\u00fd v\u00e1s vystihuje.<\/p>\n<p>Kel\u00edmek je ur\u010den v\u00fdhradn\u011b na studen\u00e9 n\u00e1poje. U\u017eijte si sv\u016fj drink s jedine\u010dn\u00fdm stylem a osobn\u00edm dotekem!<\/p>\n<p>Vlastn\u00ed text n\u00e1m pros\u00edm definujte do pozn\u00e1mky k objedn\u00e1vce.<\/p>\n","protected":false},"excerpt":{"rendered":"<p>U\u017eijte si sv\u016fj drink s jedine\u010dn\u00fdm stylem!<\/p>\n","protected":false},"featured_media":856,"comment_status":"open","ping_status":"closed","template":"","meta":[],"product_cat":[73,83],"product_tag":[],"class_list":{"0":"post-855","1":"product","2":"type-product","3":"status-publish","4":"has-post-thumbnail","6":"product_cat-sklenicky","7":"product_cat-vlastni","9":"first","10":"instock","11":"shipping-taxable","12":"purchasable","13":"product-type-simple"},"_links":{"self":[{"href":"http:\/\/www.madnaughty.cz\/index.php?rest_route=\/wp\/v2\/product\/855"}],"collection":[{"href":"http:\/\/www.madnaughty.cz\/index.php?rest_route=\/wp\/v2\/product"}],"about":[{"href":"http:\/\/www.madnaughty.cz\/index.php?rest_route=\/wp\/v2\/types\/product"}],"replies":[{"embeddable":true,"href":"http:\/\/www.madnaughty.cz\/index.php?rest_route=%2Fwp%2Fv2%2Fcomments&post=855"}],"wp:featuredmedia":[{"embeddable":true,"href":"http:\/\/www.madnaughty.cz\/index.php?rest_route=\/wp\/v2\/media\/856"}],"wp:attachment":[{"href":"http:\/\/www.madnaughty.cz\/index.php?rest_route=%2Fwp%2Fv2%2Fmedia&parent=855"}],"wp:term":[{"taxonomy":"product_cat","embeddable":true,"href":"http:\/\/www.madnaughty.cz\/index.php?rest_route=%2Fwp%2Fv2%2Fproduct_cat&post=855"},{"taxonomy":"product_tag","embeddable":true,"href":"http:\/\/www.madnaughty.cz\/index.php?rest_route=%2Fwp%2Fv2%2Fproduct_tag&post=855"}],"curies":[{"name":"wp","href":"https:\/\/api.w.org\/{rel}","templated":true}]}}